Last updated on 2023-12-02 23:13:44 CET.
Flavor | Version | Tinstall | Tcheck | Ttotal | Status | Flags |
---|---|---|---|---|---|---|
r-devel-linux-x86_64-debian-clang | 0.3.2 | 3.51 | 44.51 | 48.02 | OK | |
r-devel-linux-x86_64-debian-gcc | 0.3.2 | 2.88 | 32.86 | 35.74 | OK | |
r-devel-linux-x86_64-fedora-clang | 0.3.2 | 59.22 | NOTE | |||
r-devel-linux-x86_64-fedora-gcc | 0.3.2 | 66.52 | NOTE | |||
r-devel-windows-x86_64 | 0.3.2 | 4.00 | 64.00 | 68.00 | OK | |
r-patched-linux-x86_64 | 0.3.2 | 4.52 | 41.57 | 46.09 | OK | |
r-release-linux-x86_64 | 0.3.2 | 3.31 | 41.59 | 44.90 | OK | |
r-release-macos-arm64 | 0.3.2 | 31.00 | OK | |||
r-release-macos-x86_64 | 0.3.2 | 97.00 | OK | |||
r-release-windows-x86_64 | 0.3.2 | 5.00 | 64.00 | 69.00 | OK | |
r-oldrel-macos-arm64 | 0.3.2 | 33.00 | OK | |||
r-oldrel-macos-x86_64 | 0.3.2 | 47.00 | OK | |||
r-oldrel-windows-x86_64 | 0.3.2 | 6.00 | 76.00 | 82.00 | OK |
Version: 0.3.2
Check: dependencies in R code
Result: NOTE
Namespaces in Imports field not imported from:
‘collapse’ ‘data.table’ ‘kit’ ‘magrittr’
All declared Imports should be used.
Flavors: r-devel-linux-x86_64-fedora-clang, r-devel-linux-x86_64-fedora-gcc