CRAN Package Check Results for Package fcm

Last updated on 2024-07-22 22:56:23 CEST.

Flavor Version Tinstall Tcheck Ttotal Status Flags
r-devel-linux-x86_64-debian-clang 0.1.3 5.55 63.38 68.93 NOTE
r-devel-linux-x86_64-debian-gcc 0.1.3 3.76 46.98 50.74 NOTE
r-devel-linux-x86_64-fedora-clang 0.1.3 89.50 NOTE
r-devel-linux-x86_64-fedora-gcc 0.1.3 94.51 NOTE
r-devel-windows-x86_64 0.1.3 7.00 65.00 72.00 NOTE
r-patched-linux-x86_64 0.1.3 5.51 58.31 63.82 NOTE
r-release-linux-x86_64 0.1.3 4.46 58.93 63.39 NOTE
r-release-macos-arm64 0.1.3 32.00 NOTE
r-release-macos-x86_64 0.1.3 70.00 NOTE
r-release-windows-x86_64 0.1.3 6.00 64.00 70.00 NOTE
r-oldrel-macos-arm64 0.1.3 32.00 NOTE
r-oldrel-macos-x86_64 0.1.3 50.00 NOTE
r-oldrel-windows-x86_64 0.1.3 8.00 71.00 79.00 NOTE

Check Details

Version: 0.1.3
Check: LazyData
Result: NOTE 'LazyData' is specified without a 'data' directory Flavors: r-devel-linux-x86_64-debian-clang, r-devel-linux-x86_64-debian-gcc, r-devel-linux-x86_64-fedora-clang, r-devel-linux-x86_64-fedora-gcc, r-devel-windows-x86_64, r-patched-linux-x86_64, r-release-linux-x86_64, r-release-macos-arm64, r-release-macos-x86_64, r-release-windows-x86_64, r-oldrel-macos-arm64, r-oldrel-macos-x86_64, r-oldrel-windows-x86_64