CRAN Package Check Results for Package fields

Last updated on 2024-02-21 23:11:29 CET.

Flavor Version Tinstall Tcheck Ttotal Status Flags
r-devel-linux-x86_64-debian-clang 15.2 NOTE
r-devel-linux-x86_64-debian-gcc 15.2 19.75 192.99 212.74 NOTE
r-devel-linux-x86_64-fedora-clang 15.2 349.81 OK
r-devel-linux-x86_64-fedora-gcc 15.2 342.13 OK
r-devel-windows-x86_64 15.2 23.00 232.00 255.00 OK
r-patched-linux-x86_64 15.2 23.82 261.35 285.17 OK
r-release-linux-x86_64 15.2 21.21 254.97 276.18 OK
r-release-macos-arm64 15.2 99.00 OK
r-release-macos-x86_64 15.2 219.00 OK
r-release-windows-x86_64 15.2 29.00 277.00 306.00 OK
r-oldrel-macos-arm64 15.2 93.00 OK
r-oldrel-windows-x86_64 15.2 29.00 274.00 303.00 OK

Check Details

Version: 15.2
Check: Rd files
Result: NOTE checkRd: (-1) FORTRAN.internal.Rd:50: Lost braces 50 | \item{evlpoly}{evaluates a univariate polynomial. See code{fields.evlpoly}} | ^ checkRd: (-1) FORTRAN.internal.Rd:51: Lost braces 51 | \item{evlpoly2}{ evaluates a multivariate polynomial. See code{fields.evlpoly2}} | ^ checkRd: (-1) registeredC.Rd:77: Lost braces 77 | \item{addToDiagC}{ adds diagonal elements to a matrix. See code{mKrig}.} | ^ checkRd: (-1) sim.Krig.Rd:200-221: Lost braces 200 | \code{simLocal.spatialProcess}{This function is | ^ checkRd: (-1) tim.colors.Rd:96: Lost braces 96 | \item{\dots}{Additional plotting arguments to code{image.plot}} | ^ Flavors: r-devel-linux-x86_64-debian-clang, r-devel-linux-x86_64-debian-gcc