CRAN Package Check Results for Package finch

Last updated on 2024-05-17 22:56:43 CEST.

Flavor Version Tinstall Tcheck Ttotal Status Flags
r-devel-linux-x86_64-debian-clang 0.4.0 7.36 65.24 72.60 NOTE
r-devel-linux-x86_64-debian-gcc 0.4.0 5.86 49.51 55.37 NOTE
r-devel-linux-x86_64-fedora-clang 0.4.0 91.64 NOTE
r-devel-linux-x86_64-fedora-gcc 0.4.0 137.48 NOTE
r-devel-windows-x86_64 0.4.0 9.00 67.00 76.00 NOTE
r-patched-linux-x86_64 0.4.0 6.37 62.08 68.45 NOTE
r-release-linux-x86_64 0.4.0 5.54 62.89 68.43 NOTE
r-release-macos-arm64 0.4.0 28.00 NOTE
r-release-windows-x86_64 0.4.0 10.00 68.00 78.00 NOTE
r-oldrel-macos-arm64 0.4.0 30.00 NOTE
r-oldrel-macos-x86_64 0.4.0 42.00 NOTE
r-oldrel-windows-x86_64 0.4.0 11.00 74.00 85.00 NOTE

Check Details

Version: 0.4.0
Check: LazyData
Result: NOTE 'LazyData' is specified without a 'data' directory Flavors: r-devel-linux-x86_64-debian-clang, r-devel-linux-x86_64-debian-gcc, r-devel-linux-x86_64-fedora-clang, r-devel-linux-x86_64-fedora-gcc, r-devel-windows-x86_64, r-patched-linux-x86_64, r-release-linux-x86_64, r-release-macos-arm64, r-release-windows-x86_64, r-oldrel-macos-arm64, r-oldrel-macos-x86_64, r-oldrel-windows-x86_64