CRAN Package Check Results for Package flipr

Last updated on 2024-02-26 23:03:39 CET.

Flavor Version Tinstall Tcheck Ttotal Status Flags
r-devel-linux-x86_64-debian-clang 0.3.3 40.91 109.60 150.51 OK
r-devel-linux-x86_64-debian-gcc 0.3.3 24.41 80.23 104.64 OK
r-devel-linux-x86_64-fedora-clang 0.3.3 190.87 NOTE
r-devel-linux-x86_64-fedora-gcc 0.3.3 205.92 OK
r-devel-windows-x86_64 0.3.3 31.00 114.00 145.00 NOTE
r-patched-linux-x86_64 0.3.3 33.12 104.32 137.44 OK
r-release-linux-x86_64 0.3.3 35.33 101.48 136.81 OK
r-release-macos-arm64 0.3.3 60.00 NOTE
r-release-macos-x86_64 0.3.3 125.00 NOTE
r-release-windows-x86_64 0.3.3 41.00 139.00 180.00 NOTE
r-oldrel-macos-arm64 0.3.3 62.00 NOTE
r-oldrel-windows-x86_64 0.3.3 40.00 133.00 173.00 NOTE

Check Details

Version: 0.3.3
Check: installed package size
Result: NOTE installed size is 9.9Mb sub-directories of 1Mb or more: doc 9.1Mb Flavors: r-devel-linux-x86_64-fedora-clang, r-devel-windows-x86_64, r-release-macos-arm64, r-release-macos-x86_64, r-release-windows-x86_64, r-oldrel-macos-arm64, r-oldrel-windows-x86_64