Last updated on 2023-12-02 02:49:09 CET.
Flavor | Version | Tinstall | Tcheck | Ttotal | Status | Flags |
---|---|---|---|---|---|---|
r-devel-linux-x86_64-debian-clang | 2.6.2 | 9.64 | 77.90 | 87.54 | NOTE | |
r-devel-linux-x86_64-debian-gcc | 2.6.2 | 6.82 | 57.70 | 64.52 | NOTE | |
r-devel-linux-x86_64-fedora-clang | 2.6.2 | 106.97 | OK | |||
r-devel-linux-x86_64-fedora-gcc | 2.6.2 | 100.68 | OK | |||
r-devel-windows-x86_64 | 2.6.2 | 9.00 | 76.00 | 85.00 | OK | |
r-patched-linux-x86_64 | 2.6.2 | 5.09 | 74.44 | 79.53 | OK | |
r-release-linux-x86_64 | 2.6.2 | 5.47 | 73.29 | 78.76 | OK | |
r-release-macos-arm64 | 2.6.2 | 33.00 | OK | |||
r-release-macos-x86_64 | 2.6.2 | 51.00 | OK | |||
r-release-windows-x86_64 | 2.6.2 | 11.00 | 81.00 | 92.00 | OK | |
r-oldrel-macos-arm64 | 2.6.2 | 36.00 | OK | |||
r-oldrel-macos-x86_64 | 2.6.2 | 46.00 | OK | |||
r-oldrel-windows-x86_64 | 2.6.2 | 11.00 | 137.00 | 148.00 | OK |
Version: 2.6.2
Check: Rd files
Result: NOTE
checkRd: (-1) errorMetricFunctions.Rd:48: Lost braces
48 | The metric MdAE is obtained using code{type = "AE"} and \code{statistic = "Md"}
| ^
Flavors: r-devel-linux-x86_64-debian-clang, r-devel-linux-x86_64-debian-gcc