CRAN Package Check Results for Package formula.tools

Last updated on 2024-04-21 23:50:41 CEST.

Flavor Version Tinstall Tcheck Ttotal Status Flags
r-devel-linux-x86_64-debian-clang 1.7.1 4.25 31.72 35.97 NOTE
r-devel-linux-x86_64-debian-gcc 1.7.1 3.15 24.17 27.32 NOTE
r-devel-linux-x86_64-fedora-clang 1.7.1 44.29 NOTE
r-devel-linux-x86_64-fedora-gcc 1.7.1 42.31 NOTE
r-prerel-macos-arm64 1.7.1 18.00 NOTE
r-prerel-windows-x86_64 1.7.1 4.00 46.00 50.00 NOTE
r-patched-linux-x86_64 1.7.1 3.46 31.19 34.65 NOTE
r-release-linux-x86_64 1.7.1 2.78 30.87 33.65 NOTE
r-release-macos-arm64 1.7.1 22.00 NOTE
r-release-macos-x86_64 1.7.1 26.00 NOTE
r-release-windows-x86_64 1.7.1 5.00 49.00 54.00 NOTE
r-oldrel-macos-arm64 1.7.1 21.00 NOTE
r-oldrel-windows-x86_64 1.7.1 5.00 50.00 55.00 NOTE

Check Details

Version: 1.7.1
Check: LazyData
Result: NOTE 'LazyData' is specified without a 'data' directory Flavors: r-devel-linux-x86_64-debian-clang, r-devel-linux-x86_64-debian-gcc, r-devel-linux-x86_64-fedora-clang, r-devel-linux-x86_64-fedora-gcc, r-prerel-macos-arm64, r-prerel-windows-x86_64, r-patched-linux-x86_64, r-release-linux-x86_64, r-release-macos-arm64, r-release-macos-x86_64, r-release-windows-x86_64, r-oldrel-macos-arm64, r-oldrel-windows-x86_64