Last updated on 2023-12-10 04:55:57 CET.
Flavor | Version | Tinstall | Tcheck | Ttotal | Status | Flags |
---|---|---|---|---|---|---|
r-devel-linux-x86_64-debian-clang | 1.2 | 220.05 | 51.22 | 271.27 | OK | |
r-devel-linux-x86_64-debian-gcc | 1.2 | 137.47 | 38.21 | 175.68 | OK | |
r-devel-linux-x86_64-fedora-clang | 1.2 | 433.43 | OK | |||
r-devel-linux-x86_64-fedora-gcc | 1.2 | 419.41 | OK | |||
r-devel-windows-x86_64 | 1.2 | 159.00 | 87.00 | 246.00 | OK | |
r-patched-linux-x86_64 | 1.2 | 182.61 | 53.01 | 235.62 | OK | |
r-release-linux-x86_64 | 1.2 | 176.44 | 52.45 | 228.89 | OK | |
r-release-macos-arm64 | 1.2 | 70.00 | NOTE | |||
r-release-macos-x86_64 | 1.2 | 81.00 | NOTE | |||
r-release-windows-x86_64 | 1.2 | 197.00 | 94.00 | 291.00 | OK | |
r-oldrel-macos-arm64 | 1.2 | 66.00 | NOTE | |||
r-oldrel-macos-x86_64 | 1.2 | 105.00 | NOTE | |||
r-oldrel-windows-x86_64 | 1.2 | 187.00 | 91.00 | 278.00 | OK |
Version: 1.2
Check: installed package size
Result: NOTE
installed size is 5.4Mb
sub-directories of 1Mb or more:
libs 5.1Mb
Flavors: r-release-macos-arm64, r-release-macos-x86_64, r-oldrel-macos-arm64, r-oldrel-macos-x86_64