CRAN Package Check Results for Package fredr

Last updated on 2023-11-28 09:51:55 CET.

Flavor Version Tinstall Tcheck Ttotal Status Flags
r-devel-linux-x86_64-debian-clang 2.1.0 4.21 60.69 64.90 OK
r-devel-linux-x86_64-debian-gcc 2.1.0 3.50 46.34 49.84 OK
r-devel-linux-x86_64-fedora-clang 2.1.0 83.02 NOTE
r-devel-linux-x86_64-fedora-gcc 2.1.0 87.55 NOTE
r-devel-windows-x86_64 2.1.0 5.00 78.00 83.00 OK
r-patched-linux-x86_64 2.1.0 6.02 58.43 64.45 OK
r-release-linux-x86_64 2.1.0 3.83 57.86 61.69 OK
r-release-macos-arm64 2.1.0 41.00 OK
r-release-macos-x86_64 2.1.0 55.00 OK
r-release-windows-x86_64 2.1.0 6.00 84.00 90.00 OK
r-oldrel-macos-arm64 2.1.0 34.00 NOTE
r-oldrel-macos-x86_64 2.1.0 44.00 NOTE
r-oldrel-windows-x86_64 2.1.0 6.00 78.00 84.00 OK

Check Details

Version: 2.1.0
Check: data for non-ASCII characters
Result: NOTE Note: found 1 marked UTF-8 string Flavors: r-devel-linux-x86_64-fedora-clang, r-devel-linux-x86_64-fedora-gcc, r-oldrel-macos-arm64, r-oldrel-macos-x86_64