CRAN Package Check Results for Package gen2stage

Last updated on 2024-05-17 22:56:44 CEST.

Flavor Version Tinstall Tcheck Ttotal Status Flags
r-devel-linux-x86_64-debian-clang 1.0 1.97 25.39 27.36 NOTE
r-devel-linux-x86_64-debian-gcc 1.0 1.55 19.70 21.25 NOTE
r-devel-linux-x86_64-fedora-clang 1.0 34.97 NOTE
r-devel-linux-x86_64-fedora-gcc 1.0 37.15 NOTE
r-devel-windows-x86_64 1.0 3.00 48.00 51.00 NOTE
r-patched-linux-x86_64 1.0 2.27 24.16 26.43 NOTE
r-release-linux-x86_64 1.0 1.41 24.51 25.92 NOTE
r-release-macos-arm64 1.0 16.00 NOTE
r-release-windows-x86_64 1.0 3.00 48.00 51.00 NOTE
r-oldrel-macos-arm64 1.0 18.00 NOTE
r-oldrel-macos-x86_64 1.0 23.00 NOTE
r-oldrel-windows-x86_64 1.0 3.00 46.00 49.00 NOTE

Check Details

Version: 1.0
Check: LazyData
Result: NOTE 'LazyData' is specified without a 'data' directory Flavors: r-devel-linux-x86_64-debian-clang, r-devel-linux-x86_64-debian-gcc, r-devel-linux-x86_64-fedora-clang, r-devel-linux-x86_64-fedora-gcc, r-devel-windows-x86_64, r-patched-linux-x86_64, r-release-linux-x86_64, r-release-macos-arm64, r-release-windows-x86_64, r-oldrel-macos-arm64, r-oldrel-macos-x86_64, r-oldrel-windows-x86_64