CRAN Package Check Results for Package geoAr

Last updated on 2024-07-12 22:54:16 CEST.

Flavor Version Tinstall Tcheck Ttotal Status Flags
r-devel-linux-x86_64-debian-clang 1.0.0 2.09 48.13 50.22 OK
r-devel-linux-x86_64-debian-gcc 1.0.0 2.29 36.43 38.72 OK
r-devel-linux-x86_64-fedora-clang 1.0.0 64.30 NOTE
r-devel-linux-x86_64-fedora-gcc 1.0.0 74.66 NOTE
r-devel-windows-x86_64 1.0.0 5.00 65.00 70.00 OK
r-patched-linux-x86_64 1.0.0 3.65 45.94 49.59 OK
r-release-linux-x86_64 1.0.0 2.10 46.32 48.42 OK
r-release-macos-arm64 1.0.0 36.00 ERROR
r-release-macos-x86_64 1.0.0 55.00 OK
r-release-windows-x86_64 1.0.0 6.00 65.00 71.00 OK
r-oldrel-macos-arm64 1.0.0 48.00 ERROR
r-oldrel-macos-x86_64 1.0.0 76.00 OK
r-oldrel-windows-x86_64 1.0.0 6.00 72.00 78.00 ERROR

Check Details

Version: 1.0.0
Check: data for non-ASCII characters
Result: NOTE Note: found 144 marked UTF-8 strings Flavors: r-devel-linux-x86_64-fedora-clang, r-devel-linux-x86_64-fedora-gcc

Version: 1.0.0
Check: re-building of vignette outputs
Result: ERROR Error(s) in re-building vignettes: ... --- re-building ‘geoAr_geofacet.Rmd’ using rmarkdown File figure/tucmap-1.png not found in resource path Error: processing vignette 'geoAr_geofacet.Rmd' failed with diagnostics: pandoc document conversion failed with error 99 --- failed re-building ‘geoAr_geofacet.Rmd’ --- re-building ‘geoAr_leaflet.Rmd’ using rmarkdown File figure/map-1.png not found in resource path Error: processing vignette 'geoAr_leaflet.Rmd' failed with diagnostics: pandoc document conversion failed with error 99 --- failed re-building ‘geoAr_leaflet.Rmd’ --- re-building ‘georefar.Rmd’ using rmarkdown --- finished re-building ‘georefar.Rmd’ SUMMARY: processing the following files failed: ‘geoAr_geofacet.Rmd’ ‘geoAr_leaflet.Rmd’ Error: Vignette re-building failed. Execution halted Flavors: r-release-macos-arm64, r-oldrel-macos-arm64

Version: 1.0.0
Check: re-building of vignette outputs
Result: ERROR Error(s) in re-building vignettes: --- re-building 'geoAr_geofacet.Rmd' using rmarkdown File figure/tucmap-1.png not found in resource path Error: processing vignette 'geoAr_geofacet.Rmd' failed with diagnostics: pandoc document conversion failed with error 99 --- failed re-building 'geoAr_geofacet.Rmd' --- re-building 'geoAr_leaflet.Rmd' using rmarkdown File figure/map-1.png not found in resource path Error: processing vignette 'geoAr_leaflet.Rmd' failed with diagnostics: pandoc document conversion failed with error 99 --- failed re-building 'geoAr_leaflet.Rmd' --- re-building 'georefar.Rmd' using rmarkdown --- finished re-building 'georefar.Rmd' SUMMARY: processing the following files failed: 'geoAr_geofacet.Rmd' 'geoAr_leaflet.Rmd' Error: Vignette re-building failed. Execution halted Flavor: r-oldrel-windows-x86_64