CRAN Package Check Results for Package ggimage

Last updated on 2024-02-26 23:03:40 CET.

Flavor Version Tinstall Tcheck Ttotal Status Flags
r-devel-linux-x86_64-debian-clang 0.3.3 7.42 58.99 66.41 OK
r-devel-linux-x86_64-debian-gcc 0.3.3 5.84 44.95 50.79 NOTE
r-devel-linux-x86_64-fedora-clang 0.3.3 88.49 OK
r-devel-linux-x86_64-fedora-gcc 0.3.3 85.91 NOTE
r-devel-windows-x86_64 0.3.3 9.00 70.00 79.00 OK
r-patched-linux-x86_64 0.3.3 7.15 54.93 62.08 OK
r-release-linux-x86_64 0.3.3 5.29 55.59 60.88 NOTE
r-release-macos-arm64 0.3.3 26.00 OK
r-release-macos-x86_64 0.3.3 51.00 OK
r-release-windows-x86_64 0.3.3 11.00 78.00 89.00 OK
r-oldrel-macos-arm64 0.3.3 31.00 OK
r-oldrel-windows-x86_64 0.3.3 11.00 82.00 93.00 OK

Check Details

Version: 0.3.3
Check: package dependencies
Result: NOTE Package suggested but not available for checking: ‘ggtree’ Flavors: r-devel-linux-x86_64-debian-gcc, r-devel-linux-x86_64-fedora-gcc, r-release-linux-x86_64