CRAN Package Check Results for Package ggiraphExtra

Last updated on 2024-02-26 23:03:40 CET.

Flavor Version Tinstall Tcheck Ttotal Status Flags
r-devel-linux-x86_64-debian-clang 0.3.0 17.40 225.61 243.01 OK
r-devel-linux-x86_64-debian-gcc 0.3.0 12.55 167.87 180.42 OK
r-devel-linux-x86_64-fedora-clang 0.3.0 307.96 OK
r-devel-linux-x86_64-fedora-gcc 0.3.0 311.40 OK
r-devel-windows-x86_64 0.3.0 15.00 174.00 189.00 OK
r-patched-linux-x86_64 0.3.0 12.66 223.46 236.12 OK
r-release-linux-x86_64 0.3.0 11.25 164.82 176.07 ERROR
r-release-macos-arm64 0.3.0 97.00 OK
r-release-macos-x86_64 0.3.0 159.00 OK
r-release-windows-x86_64 0.3.0 20.00 230.00 250.00 OK
r-oldrel-macos-arm64 0.3.0 75.00 OK
r-oldrel-windows-x86_64 0.3.0 24.00 230.00 254.00 OK

Check Details

Version: 0.3.0
Check: examples
Result: ERROR Running examples in ‘ggiraphExtra-Ex.R’ failed The error most likely occurred in: > base::assign(".ptime", proc.time(), pos = "CheckExEnv") > ### Name: ggBoxplot > ### Title: Draw boxplots of a data.frame > ### Aliases: ggBoxplot > > ### ** Examples > > require(ggplot2) Loading required package: ggplot2 > require(ggiraph) Loading required package: ggiraph > require(reshape2) Loading required package: reshape2 > ggBoxplot(mtcars,rescale=TRUE) Error: ! Problem while converting geom to grob. ℹ Error occurred in the 1st layer. Caused by error in `draw_group()`: ! unused argument (staplewidth = 0) Backtrace: ▆ 1. ├─base (local) `<fn>`(x) 2. ├─ggplot2:::print.ggplot(x) 3. │ ├─ggplot2::ggplot_gtable(data) 4. │ └─ggplot2:::ggplot_gtable.ggplot_built(data) 5. │ └─ggplot2:::by_layer(...) 6. │ ├─rlang::try_fetch(...) 7. │ │ ├─base::tryCatch(...) 8. │ │ │ └─base (local) tryCatchList(expr, classes, parentenv, handlers) 9. │ │ │ └─base (local) tryCatchOne(expr, names, parentenv, handlers[[1L]]) 10. │ │ │ └─base (local) doTryCatch(return(expr), name, parentenv, handler) 11. │ │ └─base::withCallingHandlers(...) 12. │ └─ggplot2 (local) f(l = layers[[i]], d = data[[i]]) 13. │ └─l$draw_geom(d, layout) 14. │ └─ggplot2 (local) draw_geom(..., self = self) 15. │ └─self$geom$draw_layer(...) 16. │ └─ggplot2 (local) draw_layer(..., self = self) 17. │ └─base::lapply(...) 18. │ └─ggplot2 (local) FUN(X[[i]], ...) 19. │ ├─rlang::inject(self$draw_panel(data, panel_params, coord, !!!params)) 20. │ └─self$draw_panel(...) 21. │ └─ggplot2 (local) draw_panel(..., self = self) 22. │ └─base::lapply(...) 23. │ └─ggplot2 (local) FUN(X[[i]], ...) 24. │ └─self$draw_group(group, panel_params, coord, ...) 25. └─base::.handleSimpleError(...) 26. └─rlang (local) h(simpleError(msg, call)) 27. └─handlers[[1L]](cnd) 28. └─cli::cli_abort(...) 29. └─rlang::abort(...) Execution halted Flavor: r-release-linux-x86_64