CRAN Package Check Results for Package ggmosaic

Last updated on 2024-02-26 23:03:40 CET.

Flavor Version Tinstall Tcheck Ttotal Status Flags
r-devel-linux-x86_64-debian-clang 0.3.3 9.47 100.09 109.56 NOTE
r-devel-linux-x86_64-debian-gcc 0.3.3 7.78 74.68 82.46 NOTE
r-devel-linux-x86_64-fedora-clang 0.3.3 131.67 NOTE
r-devel-linux-x86_64-fedora-gcc 0.3.3 138.98 NOTE
r-devel-windows-x86_64 0.3.3 10.00 97.00 107.00 NOTE
r-patched-linux-x86_64 0.3.3 9.22 96.65 105.87 NOTE
r-release-linux-x86_64 0.3.3 10.25 94.21 104.46 NOTE
r-release-macos-arm64 0.3.3 51.00 NOTE
r-release-macos-x86_64 0.3.3 79.00 NOTE
r-release-windows-x86_64 0.3.3 13.00 116.00 129.00 NOTE
r-oldrel-macos-arm64 0.3.3 41.00 NOTE
r-oldrel-windows-x86_64 0.3.3 13.00 108.00 121.00 OK

Check Details

Version: 0.3.3
Check: dependencies in R code
Result: NOTE ':::' call which should be '::': ‘scales:::censor’ See the note in ?`:::` about the use of this operator. Unexported object imported by a ':::' call: ‘productplots:::bound’ See the note in ?`:::` about the use of this operator. Flavors: r-devel-linux-x86_64-debian-clang, r-devel-linux-x86_64-debian-gcc, r-devel-linux-x86_64-fedora-clang, r-devel-linux-x86_64-fedora-gcc, r-devel-windows-x86_64, r-patched-linux-x86_64, r-release-linux-x86_64, r-release-macos-arm64, r-release-macos-x86_64, r-release-windows-x86_64

Version: 0.3.3
Check: dependencies in R code
Result: NOTE Namespaces in Imports field not imported from: ‘productplots’ ‘scales’ All declared Imports should be used. Flavor: r-oldrel-macos-arm64