CRAN Package Check Results for Package ggplotlyExtra

Last updated on 2024-02-26 23:03:40 CET.

Flavor Version Tinstall Tcheck Ttotal Status Flags
r-devel-linux-x86_64-debian-clang 0.0.1 6.84 51.79 58.63 NOTE
r-devel-linux-x86_64-debian-gcc 0.0.1 5.35 39.45 44.80 NOTE
r-devel-linux-x86_64-fedora-clang 0.0.1 72.36 NOTE
r-devel-linux-x86_64-fedora-gcc 0.0.1 67.87 NOTE
r-devel-windows-x86_64 0.0.1 7.00 58.00 65.00 NOTE
r-patched-linux-x86_64 0.0.1 12.71 49.71 62.42 NOTE
r-release-linux-x86_64 0.0.1 6.52 50.23 56.75 NOTE
r-release-macos-arm64 0.0.1 25.00 NOTE
r-release-macos-x86_64 0.0.1 36.00 NOTE
r-release-windows-x86_64 0.0.1 9.00 66.00 75.00 NOTE
r-oldrel-macos-arm64 0.0.1 26.00 NOTE
r-oldrel-windows-x86_64 0.0.1 9.00 71.00 80.00 NOTE

Check Details

Version: 0.0.1
Check: LazyData
Result: NOTE 'LazyData' is specified without a 'data' directory Flavors: r-devel-linux-x86_64-debian-clang, r-devel-linux-x86_64-debian-gcc, r-devel-linux-x86_64-fedora-clang, r-devel-linux-x86_64-fedora-gcc, r-devel-windows-x86_64, r-patched-linux-x86_64, r-release-linux-x86_64, r-release-macos-arm64, r-release-macos-x86_64, r-release-windows-x86_64, r-oldrel-macos-arm64, r-oldrel-windows-x86_64