Last updated on 2023-12-02 02:49:10 CET.
Flavor | Version | Tinstall | Tcheck | Ttotal | Status | Flags |
---|---|---|---|---|---|---|
r-devel-linux-x86_64-debian-clang | 0.1.7 | 5.15 | 58.76 | 63.91 | NOTE | |
r-devel-linux-x86_64-debian-gcc | 0.1.7 | 4.10 | 43.33 | 47.43 | NOTE | |
r-devel-linux-x86_64-fedora-clang | 0.1.7 | 78.97 | OK | |||
r-devel-linux-x86_64-fedora-gcc | 0.1.7 | 74.43 | OK | |||
r-devel-windows-x86_64 | 0.1.7 | 7.00 | 62.00 | 69.00 | OK | |
r-patched-linux-x86_64 | 0.1.7 | 4.63 | 55.06 | 59.69 | OK | |
r-release-linux-x86_64 | 0.1.7 | 4.54 | 55.21 | 59.75 | OK | |
r-release-macos-arm64 | 0.1.7 | 28.00 | OK | |||
r-release-macos-x86_64 | 0.1.7 | 43.00 | OK | |||
r-release-windows-x86_64 | 0.1.7 | 8.00 | 70.00 | 78.00 | OK | |
r-oldrel-macos-arm64 | 0.1.7 | 28.00 | OK | |||
r-oldrel-macos-x86_64 | 0.1.7 | 43.00 | OK | |||
r-oldrel-windows-x86_64 | 0.1.7 | 8.00 | 72.00 | 80.00 | OK |
Version: 0.1.7
Check: Rd files
Result: NOTE
checkRd: (-1) pitch_opta.Rd:51: Lost braces in \itemize; meant \describe ?
checkRd: (-1) pitch_opta.Rd:52: Lost braces in \itemize; meant \describe ?
checkRd: (-1) pitch_opta.Rd:53: Lost braces in \itemize; meant \describe ?
checkRd: (-1) pitch_opta.Rd:54: Lost braces in \itemize; meant \describe ?
checkRd: (-1) pitch_opta.Rd:55: Lost braces in \itemize; meant \describe ?
checkRd: (-1) pitch_opta.Rd:56: Lost braces in \itemize; meant \describe ?
checkRd: (-1) pitch_opta.Rd:57: Lost braces in \itemize; meant \describe ?
checkRd: (-1) pitch_opta.Rd:58: Lost braces in \itemize; meant \describe ?
checkRd: (-1) pitch_opta.Rd:59: Lost braces in \itemize; meant \describe ?
checkRd: (-1) pitch_opta.Rd:60: Lost braces in \itemize; meant \describe ?
checkRd: (-1) pitch_opta.Rd:65: Lost braces in \itemize; meant \describe ?
checkRd: (-1) pitch_opta.Rd:66: Lost braces in \itemize; meant \describe ?
checkRd: (-1) pitch_opta.Rd:67: Lost braces in \itemize; meant \describe ?
checkRd: (-1) pitch_opta.Rd:68: Lost braces in \itemize; meant \describe ?
checkRd: (-1) pitch_opta.Rd:69: Lost braces in \itemize; meant \describe ?
Flavors: r-devel-linux-x86_64-debian-clang, r-devel-linux-x86_64-debian-gcc