CRAN Package Check Results for Package ghypernet

Last updated on 2024-07-22 22:56:25 CEST.

Flavor Version Tinstall Tcheck Ttotal Status Flags
r-devel-linux-x86_64-debian-clang 1.1.0 34.08 270.98 305.06 OK
r-devel-linux-x86_64-debian-gcc 1.1.0 28.66 197.05 225.71 OK
r-devel-linux-x86_64-fedora-clang 1.1.0 388.26 NOTE
r-devel-linux-x86_64-fedora-gcc 1.1.0 367.37 NOTE
r-devel-windows-x86_64 1.1.0 29.00 225.00 254.00 OK
r-patched-linux-x86_64 1.1.0 32.32 255.40 287.72 OK
r-release-linux-x86_64 1.1.0 28.61 253.79 282.40 OK
r-release-macos-arm64 1.1.0 100.00 OK
r-release-macos-x86_64 1.1.0 167.00 OK
r-release-windows-x86_64 1.1.0 29.00 249.00 278.00 OK
r-oldrel-macos-arm64 1.1.0 119.00 OK
r-oldrel-macos-x86_64 1.1.0 179.00 OK
r-oldrel-windows-x86_64 1.1.0 38.00 290.00 328.00 OK

Check Details

Version: 1.1.0
Check: dependencies in R code
Result: NOTE Namespace in Imports field not imported from: ‘methods’ All declared Imports should be used. Flavors: r-devel-linux-x86_64-fedora-clang, r-devel-linux-x86_64-fedora-gcc

Version: 1.1.0
Check: data for non-ASCII characters
Result: NOTE Note: found 11 marked UTF-8 strings Flavors: r-devel-linux-x86_64-fedora-clang, r-devel-linux-x86_64-fedora-gcc