CRAN Package Check Results for Package giacR

Last updated on 2024-07-22 22:56:25 CEST.

Flavor Version Tinstall Tcheck Ttotal Status Flags
r-devel-linux-x86_64-debian-clang 1.0.1 3.90 35.27 39.17 OK
r-devel-linux-x86_64-debian-gcc 1.0.1 3.55 26.46 30.01 OK
r-devel-linux-x86_64-fedora-clang 1.0.1 48.80 NOTE
r-devel-linux-x86_64-fedora-gcc 1.0.1 45.88 OK
r-devel-windows-x86_64 1.0.1 9.00 47.00 56.00 NOTE
r-patched-linux-x86_64 1.0.1 4.53 33.32 37.85 OK
r-release-linux-x86_64 1.0.1 3.12 33.52 36.64 OK
r-release-macos-arm64 1.0.1 36.00 NOTE
r-release-macos-x86_64 1.0.1 47.00 NOTE
r-release-windows-x86_64 1.0.1 8.00 48.00 56.00 NOTE
r-oldrel-macos-arm64 1.0.1 41.00 NOTE
r-oldrel-macos-x86_64 1.0.1 60.00 NOTE
r-oldrel-windows-x86_64 1.0.1 11.00 51.00 62.00 NOTE

Check Details

Version: 1.0.1
Check: installed package size
Result: NOTE installed size is 18.2Mb sub-directories of 1Mb or more: Giac 18.1Mb Flavors: r-devel-linux-x86_64-fedora-clang, r-devel-windows-x86_64, r-release-macos-arm64, r-release-macos-x86_64, r-release-windows-x86_64, r-oldrel-macos-arm64, r-oldrel-macos-x86_64, r-oldrel-windows-x86_64