CRAN Package Check Results for Package goldfish

Last updated on 2025-01-18 21:48:23 CET.

Flavor Version Tinstall Tcheck Ttotal Status Flags
r-devel-linux-x86_64-debian-clang 1.6.10 148.49 105.61 254.10 NOTE
r-devel-linux-x86_64-debian-gcc 1.6.10 106.05 69.84 175.89 NOTE
r-devel-linux-x86_64-fedora-clang 1.6.10 502.11 NOTE
r-devel-linux-x86_64-fedora-gcc 1.6.10 525.45 NOTE
r-devel-windows-x86_64 1.6.10 152.00 135.00 287.00 OK
r-patched-linux-x86_64 1.6.10 143.62 96.42 240.04 OK
r-release-linux-x86_64 1.6.10 147.48 96.84 244.32 OK
r-release-macos-arm64 1.6.10 107.00 NOTE
r-release-macos-x86_64 1.6.10 181.00 NOTE
r-release-windows-x86_64 1.6.10 153.00 132.00 285.00 OK
r-oldrel-macos-arm64 1.6.10 103.00 NOTE
r-oldrel-macos-x86_64 1.6.10 145.00 NOTE
r-oldrel-windows-x86_64 1.6.10 176.00 163.00 339.00 OK

Check Details

Version: 1.6.10
Check: top-level files
Result: NOTE possible bashism in configure.ac line 33 (should be 'b = a'): if test x"${RSysinfoName}" == x"Darwin"; then possible bashism in configure.ac line 42 (should be 'b = a'): if test x"${hasOpenMP}" == x""; then Flavors: r-devel-linux-x86_64-debian-clang, r-devel-linux-x86_64-debian-gcc, r-devel-linux-x86_64-fedora-clang, r-devel-linux-x86_64-fedora-gcc

Version: 1.6.10
Check: installed package size
Result: NOTE installed size is 7.5Mb sub-directories of 1Mb or more: libs 5.8Mb Flavors: r-release-macos-arm64, r-release-macos-x86_64, r-oldrel-macos-arm64, r-oldrel-macos-x86_64