CRAN Package Check Results for Package gqlr

Last updated on 2025-01-18 21:48:23 CET.

Flavor Version Tinstall Tcheck Ttotal Status Flags
r-devel-linux-x86_64-debian-clang 0.0.2 12.74 178.71 191.45 OK
r-devel-linux-x86_64-debian-gcc 0.0.2 8.35 109.95 118.30 OK
r-devel-linux-x86_64-fedora-clang 0.0.2 304.72 OK
r-devel-linux-x86_64-fedora-gcc 0.0.2 283.95 OK
r-devel-windows-x86_64 0.0.2 14.00 161.00 175.00 OK
r-patched-linux-x86_64 0.0.2 13.61 161.68 175.29 NOTE
r-release-linux-x86_64 0.0.2 13.16 164.47 177.63 NOTE
r-release-macos-arm64 0.0.2 70.00 NOTE
r-release-macos-x86_64 0.0.2 114.00 NOTE
r-release-windows-x86_64 0.0.2 13.00 156.00 169.00 NOTE
r-oldrel-macos-arm64 0.0.2 72.00 NOTE
r-oldrel-macos-x86_64 0.0.2 126.00 NOTE
r-oldrel-windows-x86_64 0.0.2 17.00 200.00 217.00 NOTE

Check Details

Version: 0.0.2
Check: LazyData
Result: NOTE 'LazyData' is specified without a 'data' directory Flavors: r-patched-linux-x86_64, r-release-linux-x86_64, r-release-macos-arm64, r-release-macos-x86_64, r-release-windows-x86_64, r-oldrel-macos-arm64, r-oldrel-macos-x86_64, r-oldrel-windows-x86_64