CRAN Package Check Results for Package grangers

Last updated on 2023-12-07 23:10:08 CET.

Flavor Version Tinstall Tcheck Ttotal Status Flags
r-devel-linux-x86_64-debian-clang 0.1.0 4.53 44.09 48.62 NOTE
r-devel-linux-x86_64-debian-gcc 0.1.0 4.22 34.96 39.18 NOTE
r-devel-linux-x86_64-fedora-clang 0.1.0 64.59 OK
r-devel-linux-x86_64-fedora-gcc 0.1.0 61.60 OK
r-devel-windows-x86_64 0.1.0 6.00 55.00 61.00 OK
r-patched-linux-x86_64 0.1.0 5.41 43.67 49.08 OK
r-release-linux-x86_64 0.1.0 3.64 43.86 47.50 OK
r-release-macos-arm64 0.1.0 23.00 OK
r-release-macos-x86_64 0.1.0 33.00 OK
r-release-windows-x86_64 0.1.0 7.00 61.00 68.00 OK
r-oldrel-macos-arm64 0.1.0 23.00 OK
r-oldrel-macos-x86_64 0.1.0 28.00 OK
r-oldrel-windows-x86_64 0.1.0 7.00 65.00 72.00 OK

Check Details

Version: 0.1.0
Check: Rd files
Result: NOTE checkRd: (-1) Granger.inference.difference.Rd:65: Lost braces; missing escapes or markup? 65 | least one root larger than one) on bootstrapped \verb{x} and {y}. | ^ checkRd: (-1) Granger.inference.difference.Rd:68: Lost braces; missing escapes or markup? 68 | least one root larger than one) on bootstrapped \verb{x} and {z}. | ^ checkRd: (-1) Granger.inference.difference.Rd:71: Lost braces; missing escapes or markup? 71 | least one root larger than one) on bootstrapped \verb{x}, \verb{y} and {z}. | ^ Flavors: r-devel-linux-x86_64-debian-clang, r-devel-linux-x86_64-debian-gcc