CRAN Package Check Results for Package gridBase

Last updated on 2025-01-18 21:48:23 CET.

Flavor Version Tinstall Tcheck Ttotal Status Flags
r-devel-linux-x86_64-debian-clang 0.4-7 1.79 23.25 25.04 NOTE
r-devel-linux-x86_64-debian-gcc 0.4-7 1.39 19.03 20.42 NOTE
r-devel-linux-x86_64-fedora-clang 0.4-7 41.14 NOTE
r-devel-linux-x86_64-fedora-gcc 0.4-7 52.96 NOTE
r-devel-windows-x86_64 0.4-7 4.00 60.00 64.00 NOTE
r-patched-linux-x86_64 0.4-7 1.59 22.27 23.86 NOTE
r-release-linux-x86_64 0.4-7 1.70 22.39 24.09 NOTE
r-release-macos-arm64 0.4-7 24.00 NOTE
r-release-macos-x86_64 0.4-7 54.00 NOTE
r-release-windows-x86_64 0.4-7 3.00 65.00 68.00 NOTE
r-oldrel-macos-arm64 0.4-7 24.00 NOTE
r-oldrel-macos-x86_64 0.4-7 33.00 NOTE
r-oldrel-windows-x86_64 0.4-7 3.00 57.00 60.00 NOTE

Check Details

Version: 0.4-7
Check: DESCRIPTION meta-information
Result: NOTE Malformed Description field: should contain one or more complete sentences. Flavors: r-devel-linux-x86_64-debian-clang, r-devel-linux-x86_64-debian-gcc, r-devel-linux-x86_64-fedora-clang, r-devel-linux-x86_64-fedora-gcc, r-devel-windows-x86_64, r-patched-linux-x86_64, r-release-linux-x86_64, r-release-macos-arm64, r-release-macos-x86_64, r-release-windows-x86_64, r-oldrel-macos-arm64, r-oldrel-macos-x86_64, r-oldrel-windows-x86_64