CRAN Package Check Results for Package gutenbergr

Last updated on 2024-07-23 23:48:12 CEST.

Flavor Version Tinstall Tcheck Ttotal Status Flags
r-devel-linux-x86_64-debian-clang 0.2.4 6.54 70.54 77.08 OK
r-devel-linux-x86_64-debian-gcc 0.2.4 5.84 52.73 58.57 OK
r-devel-linux-x86_64-fedora-clang 0.2.4 101.22 NOTE
r-devel-linux-x86_64-fedora-gcc 0.2.4 106.48 NOTE
r-devel-windows-x86_64 0.2.4 10.00 73.00 83.00 NOTE
r-patched-linux-x86_64 0.2.4 7.77 69.13 76.90 OK
r-release-linux-x86_64 0.2.4 5.09 69.68 74.77 OK
r-release-macos-arm64 0.2.4 41.00 NOTE
r-release-macos-x86_64 0.2.4 74.00 NOTE
r-release-windows-x86_64 0.2.4 10.00 73.00 83.00 NOTE
r-oldrel-macos-arm64 0.2.4 44.00 NOTE
r-oldrel-macos-x86_64 0.2.4 87.00 NOTE
r-oldrel-windows-x86_64 0.2.4 13.00 84.00 97.00 NOTE

Check Details

Version: 0.2.4
Check: installed package size
Result: NOTE installed size is 5.2Mb sub-directories of 1Mb or more: data 4.8Mb Flavors: r-devel-linux-x86_64-fedora-clang, r-devel-windows-x86_64, r-release-macos-arm64, r-release-macos-x86_64, r-release-windows-x86_64, r-oldrel-macos-arm64, r-oldrel-macos-x86_64, r-oldrel-windows-x86_64

Version: 0.2.4
Check: data for non-ASCII characters
Result: NOTE Note: found 20255 marked UTF-8 strings Flavors: r-devel-linux-x86_64-fedora-clang, r-devel-linux-x86_64-fedora-gcc