CRAN Package Check Results for Package hlt

Last updated on 2024-04-25 01:55:16 CEST.

Flavor Version Tinstall Tcheck Ttotal Status Flags
r-devel-linux-x86_64-debian-clang 1.3.1 103.86 66.84 170.70 NOTE
r-devel-linux-x86_64-debian-gcc 1.3.1 81.60 50.46 132.06 NOTE
r-devel-linux-x86_64-fedora-clang 1.3.1 245.33 NOTE
r-devel-linux-x86_64-fedora-gcc 1.3.1 243.48 NOTE
r-devel-windows-x86_64 1.3.1 87.00 89.00 176.00 NOTE
r-patched-linux-x86_64 1.3.1 101.55 63.87 165.42 NOTE
r-release-linux-x86_64 1.3.1 77.22 62.77 139.99 OK
r-release-macos-arm64 1.3.1 51.00 NOTE
r-release-windows-x86_64 1.3.1 83.00 88.00 171.00 NOTE
r-oldrel-macos-arm64 1.3.1 64.00 NOTE
r-oldrel-macos-x86_64 1.3.1 102.00 NOTE
r-oldrel-windows-x86_64 1.3.1 107.00 107.00 214.00 OK

Check Details

Version: 1.3.1
Check: Rd files
Result: NOTE checkRd: (-1) hlt.Rd:64: Lost braces in \itemize; meant \describe ? checkRd: (-1) hlt.Rd:65: Lost braces in \itemize; meant \describe ? checkRd: (-1) hlt.Rd:66: Lost braces in \itemize; meant \describe ? checkRd: (-1) hlt.Rd:67: Lost braces in \itemize; meant \describe ? checkRd: (-1) hlt.Rd:68: Lost braces in \itemize; meant \describe ? checkRd: (-1) hlt.Rd:77-78: Lost braces in \itemize; \value handles \item{}{} directly checkRd: (-1) hlt.Rd:79: Lost braces in \itemize; \value handles \item{}{} directly checkRd: (-1) hlt.Rd:80-81: Lost braces in \itemize; \value handles \item{}{} directly checkRd: (-1) hlt.Rd:82: Lost braces in \itemize; \value handles \item{}{} directly checkRd: (-1) hlt.Rd:83: Lost braces in \itemize; \value handles \item{}{} directly checkRd: (-1) hltsim.Rd:31: Lost braces in \itemize; \value handles \item{}{} directly checkRd: (-1) hltsim.Rd:32: Lost braces in \itemize; \value handles \item{}{} directly checkRd: (-1) hltsim.Rd:33: Lost braces in \itemize; \value handles \item{}{} directly checkRd: (-1) hltsim.Rd:34: Lost braces in \itemize; \value handles \item{}{} directly checkRd: (-1) hltsim.Rd:35: Lost braces in \itemize; \value handles \item{}{} directly checkRd: (-1) hltsim.Rd:36: Lost braces in \itemize; \value handles \item{}{} directly checkRd: (-1) hltsim.Rd:37: Lost braces in \itemize; \value handles \item{}{} directly checkRd: (-1) hltsim.Rd:38: Lost braces in \itemize; \value handles \item{}{} directly Flavors: r-devel-linux-x86_64-debian-clang, r-devel-linux-x86_64-debian-gcc, r-devel-linux-x86_64-fedora-clang, r-devel-linux-x86_64-fedora-gcc, r-devel-windows-x86_64, r-patched-linux-x86_64, r-release-macos-arm64, r-release-windows-x86_64

Version: 1.3.1
Check: installed package size
Result: NOTE installed size is 6.0Mb sub-directories of 1Mb or more: help 2.3Mb libs 2.6Mb Flavors: r-release-macos-arm64, r-oldrel-macos-arm64, r-oldrel-macos-x86_64