CRAN Package Check Results for Package hues

Last updated on 2024-04-22 23:54:25 CEST.

Flavor Version Tinstall Tcheck Ttotal Status Flags
r-devel-linux-x86_64-debian-clang 0.2.0 2.20 30.26 32.46 NOTE
r-devel-linux-x86_64-debian-gcc 0.2.0 1.85 23.13 24.98 NOTE
r-devel-linux-x86_64-fedora-clang 0.2.0 40.93 NOTE
r-devel-linux-x86_64-fedora-gcc 0.2.0 39.26 NOTE
r-prerel-macos-arm64 0.2.0 16.00 NOTE
r-prerel-windows-x86_64 0.2.0 3.00 45.00 48.00 NOTE
r-patched-linux-x86_64 0.2.0 2.03 29.33 31.36 NOTE
r-release-linux-x86_64 0.2.0 2.18 28.69 30.87 NOTE
r-release-macos-arm64 0.2.0 17.00 NOTE
r-release-macos-x86_64 0.2.0 26.00 NOTE
r-release-windows-x86_64 0.2.0 3.00 44.00 47.00 NOTE
r-oldrel-macos-arm64 0.2.0 19.00 NOTE
r-oldrel-windows-x86_64 0.2.0 4.00 51.00 55.00 NOTE

Check Details

Version: 0.2.0
Check: LazyData
Result: NOTE 'LazyData' is specified without a 'data' directory Flavors: r-devel-linux-x86_64-debian-clang, r-devel-linux-x86_64-debian-gcc, r-devel-linux-x86_64-fedora-clang, r-devel-linux-x86_64-fedora-gcc, r-prerel-macos-arm64, r-prerel-windows-x86_64, r-patched-linux-x86_64, r-release-linux-x86_64, r-release-macos-arm64, r-release-macos-x86_64, r-release-windows-x86_64, r-oldrel-macos-arm64, r-oldrel-windows-x86_64