CRAN Package Check Results for Package idm

Last updated on 2024-07-22 22:56:26 CEST.

Flavor Version Tinstall Tcheck Ttotal Status Flags
r-devel-linux-x86_64-debian-clang 1.8.3 10.75 76.25 87.00 NOTE
r-devel-linux-x86_64-debian-gcc 1.8.3 6.91 57.37 64.28 NOTE
r-devel-linux-x86_64-fedora-clang 1.8.3 111.66 NOTE
r-devel-linux-x86_64-fedora-gcc 1.8.3 99.90 NOTE
r-devel-windows-x86_64 1.8.3 10.00 74.00 84.00 NOTE
r-patched-linux-x86_64 1.8.3 8.76 73.83 82.59 NOTE
r-release-linux-x86_64 1.8.3 5.28 71.78 77.06 NOTE
r-release-macos-arm64 1.8.3 36.00 NOTE
r-release-macos-x86_64 1.8.3 49.00 NOTE
r-release-windows-x86_64 1.8.3 9.00 73.00 82.00 NOTE
r-oldrel-macos-arm64 1.8.3 32.00 OK
r-oldrel-macos-x86_64 1.8.3 55.00 OK
r-oldrel-windows-x86_64 1.8.3 11.00 87.00 98.00 OK

Check Details

Version: 1.8.3
Check: Rd files
Result: NOTE checkRd: (-1) add_es.Rd:16: Lost braces; missing escapes or markup? 16 | \code{u} {Left eigenvectors} \cr | ^ checkRd: (-1) add_es.Rd:17: Lost braces; missing escapes or markup? 17 | \code{v} {Right eigenvectors} \cr | ^ checkRd: (-1) add_es.Rd:18: Lost braces; missing escapes or markup? 18 | \code{m} {Number of cases} \cr | ^ checkRd: (-1) add_es.Rd:19: Lost braces; missing escapes or markup? 19 | \code{d} {Eigenvalues} \cr | ^ checkRd: (-1) add_es.Rd:20: Lost braces; missing escapes or markup? 20 | \code{orgn} {Data mean} \cr | ^ checkRd: (-1) add_es.Rd:24: Lost braces; missing escapes or markup? 24 | \code{u} {Left eigenvectors} \cr | ^ checkRd: (-1) add_es.Rd:25: Lost braces; missing escapes or markup? 25 | \code{v} {Right eigenvectors} \cr | ^ checkRd: (-1) add_es.Rd:26: Lost braces; missing escapes or markup? 26 | \code{m} {Number of cases} \cr | ^ checkRd: (-1) add_es.Rd:27: Lost braces; missing escapes or markup? 27 | \code{d} {Eigenvalues} \cr | ^ checkRd: (-1) add_es.Rd:28: Lost braces; missing escapes or markup? 28 | \code{orgn} {Data mean} \cr | ^ checkRd: (-1) i_pca.Rd:24: Lost braces; missing escapes or markup? 24 | \code{u} {Left eigenvectors} \cr | ^ checkRd: (-1) i_pca.Rd:25: Lost braces; missing escapes or markup? 25 | \code{v} {Right eigenvectors} \cr | ^ checkRd: (-1) i_pca.Rd:26: Lost braces; missing escapes or markup? 26 | \code{m} {Number of cases} \cr | ^ checkRd: (-1) i_pca.Rd:27: Lost braces; missing escapes or markup? 27 | \code{d} {Eigenvalues} \cr | ^ checkRd: (-1) i_pca.Rd:28: Lost braces; missing escapes or markup? 28 | \code{orgn} {Data mean} \cr} | ^ checkRd: (-1) update.i_pca.Rd:24: Lost braces; missing escapes or markup? 24 | \code{u} {Left eigenvectors} \cr | ^ checkRd: (-1) update.i_pca.Rd:25: Lost braces; missing escapes or markup? 25 | \code{v} {Right eigenvectors} \cr | ^ checkRd: (-1) update.i_pca.Rd:26: Lost braces; missing escapes or markup? 26 | \code{m} {Number of cases} \cr | ^ checkRd: (-1) update.i_pca.Rd:27: Lost braces; missing escapes or markup? 27 | \code{d} {Eigenvalues} \cr | ^ checkRd: (-1) update.i_pca.Rd:28: Lost braces; missing escapes or markup? 28 | \code{orgn} {Data mean} \cr} | ^ Flavors: r-devel-linux-x86_64-debian-clang, r-devel-linux-x86_64-debian-gcc, r-devel-linux-x86_64-fedora-clang, r-devel-linux-x86_64-fedora-gcc, r-devel-windows-x86_64, r-patched-linux-x86_64, r-release-linux-x86_64, r-release-macos-arm64, r-release-macos-x86_64, r-release-windows-x86_64