CRAN Package Check Results for Package inlpubs

Last updated on 2024-04-13 21:41:40 CEST.

Flavor Version Tinstall Tcheck Ttotal Status Flags
r-devel-linux-x86_64-debian-clang 1.1.1 2.58 50.15 52.73 OK
r-devel-linux-x86_64-debian-gcc 1.1.1 2.54 37.39 39.93 OK
r-devel-linux-x86_64-fedora-clang 1.1.1 66.83 NOTE
r-devel-linux-x86_64-fedora-gcc 1.1.1 65.48 NOTE
r-devel-windows-x86_64 1.1.1 4.00 72.00 76.00 OK
r-patched-linux-x86_64 1.1.1 3.72 47.82 51.54 OK
r-release-linux-x86_64 1.1.1 2.74 49.18 51.92 OK
r-release-macos-arm64 1.1.1 32.00 OK
r-release-macos-x86_64 1.1.1 53.00 OK
r-release-windows-x86_64 1.1.1 5.00 74.00 79.00 OK
r-oldrel-macos-arm64 1.1.1 37.00 OK
r-oldrel-windows-x86_64 1.1.1 5.00 99.00 104.00 OK

Check Details

Version: 1.1.1
Check: Rd cross-references
Result: NOTE Undeclared package ‘chromote’ in Rd xrefs Flavor: r-devel-linux-x86_64-fedora-clang

Version: 1.1.1
Check: data for non-ASCII characters
Result: NOTE Note: found 9 marked UTF-8 strings Flavors: r-devel-linux-x86_64-fedora-clang, r-devel-linux-x86_64-fedora-gcc