Last updated on 2023-12-10 04:56:01 CET.
Flavor | Version | Tinstall | Tcheck | Ttotal | Status | Flags |
---|---|---|---|---|---|---|
r-devel-linux-x86_64-debian-clang | 0.0.1 | 6.22 | 274.54 | 280.76 | NOTE | |
r-devel-linux-x86_64-debian-gcc | 0.0.1 | 5.31 | 184.84 | 190.15 | NOTE | |
r-devel-linux-x86_64-fedora-clang | 0.0.1 | 331.56 | OK | |||
r-devel-linux-x86_64-fedora-gcc | 0.0.1 | 328.64 | OK | |||
r-devel-windows-x86_64 | 0.0.1 | 7.00 | 185.00 | 192.00 | OK | |
r-patched-linux-x86_64 | 0.0.1 | 5.08 | 252.13 | 257.21 | OK | |
r-release-linux-x86_64 | 0.0.1 | 4.11 | 256.13 | 260.24 | OK | |
r-release-macos-arm64 | 0.0.1 | 89.00 | OK | |||
r-release-macos-x86_64 | 0.0.1 | 159.00 | OK | |||
r-release-windows-x86_64 | 0.0.1 | 9.00 | 266.00 | 275.00 | OK | |
r-oldrel-macos-arm64 | 0.0.1 | 80.00 | OK | |||
r-oldrel-macos-x86_64 | 0.0.1 | 117.00 | OK | |||
r-oldrel-windows-x86_64 | 0.0.1 | 9.00 | 280.00 | 289.00 | OK |
Version: 0.0.1
Check: Rd files
Result: NOTE
checkRd: (-1) decompose_volume.Rd:21: Lost braces in \itemize; \value handles \item{}{} directly
checkRd: (-1) decompose_volume.Rd:22: Lost braces in \itemize; \value handles \item{}{} directly
checkRd: (-1) decompose_volume.Rd:23: Lost braces in \itemize; \value handles \item{}{} directly
checkRd: (-1) decompose_volume.Rd:24: Lost braces in \itemize; \value handles \item{}{} directly
checkRd: (-1) fit_volume.Rd:44: Lost braces in \itemize; \value handles \item{}{} directly
checkRd: (-1) fit_volume.Rd:45: Lost braces in \itemize; \value handles \item{}{} directly
checkRd: (-1) fit_volume.Rd:46: Lost braces in \itemize; \value handles \item{}{} directly
checkRd: (-1) fit_volume.Rd:47: Lost braces in \itemize; \value handles \item{}{} directly
checkRd: (-1) forecast_volume.Rd:19: Lost braces in \itemize; \value handles \item{}{} directly
checkRd: (-1) forecast_volume.Rd:20: Lost braces in \itemize; \value handles \item{}{} directly
checkRd: (-1) forecast_volume.Rd:21: Lost braces in \itemize; \value handles \item{}{} directly
checkRd: (-1) forecast_volume.Rd:22: Lost braces in \itemize; \value handles \item{}{} directly
checkRd: (-1) generate_plots.Rd:15: Lost braces in \itemize; \value handles \item{}{} directly
checkRd: (-1) generate_plots.Rd:16: Lost braces in \itemize; \value handles \item{}{} directly
checkRd: (-1) generate_plots.Rd:17: Lost braces in \itemize; \value handles \item{}{} directly
Flavors: r-devel-linux-x86_64-debian-clang, r-devel-linux-x86_64-debian-gcc