CRAN Package Check Results for Package iplots

Last updated on 2024-04-22 23:54:26 CEST.

Flavor Version Tinstall Tcheck Ttotal Status Flags
r-devel-linux-x86_64-debian-clang 1.1-8 6.53 65.63 72.16 OK
r-devel-linux-x86_64-debian-gcc 1.1-8 5.04 48.89 53.93 OK
r-devel-linux-x86_64-fedora-clang 1.1-8 90.64 OK
r-devel-linux-x86_64-fedora-gcc 1.1-8 101.23 OK
r-prerel-macos-arm64 1.1-8 21.00 NOTE --install=fake
r-prerel-windows-x86_64 1.1-8 7.00 67.00 74.00 OK
r-patched-linux-x86_64 1.1-8 7.26 62.58 69.84 OK
r-release-linux-x86_64 1.1-8 7.02 62.76 69.78 OK
r-release-macos-arm64 1.1-8 23.00 NOTE --install=fake
r-release-macos-x86_64 1.1-8 40.00 NOTE --install=fake
r-release-windows-x86_64 1.1-8 8.00 73.00 81.00 OK
r-oldrel-macos-arm64 1.1-8 23.00 NOTE --install=fake
r-oldrel-windows-x86_64 1.1-8 12.00 75.00 87.00 OK

Check Details

Version: 1.1-8
Flags: --install=fake
Check: R code for possible problems
Result: NOTE .get.plot.obj: no visible binding for global variable ‘.iplots’ .iDebug: no visible binding for global variable ‘.iplots.fw’ .iobj.color: no visible binding for global variable ‘.iplot.current’ .iobj.opt: no visible binding for global variable ‘.iplot.current’ .iplot.get.by.pm: no visible binding for global variable ‘.iplots’ .iplot.getPar: no visible binding for global variable ‘.iplot.current’ .iplot.iBar: no visible binding for global variable ‘.iplots.fw’ .iplot.iBox: no visible binding for global variable ‘.iplots.fw’ .iplot.iHammock: no visible binding for global variable ‘.iplots.fw’ .iplot.iHist: no visible binding for global variable ‘.iplots.fw’ .iplot.iMap: no visible binding for global variable ‘.iplots.fw’ .iplot.iMosaic: no visible binding for global variable ‘.iplots.fw’ .iplot.iPCP: no visible binding for global variable ‘.iplots.fw’ .iplot.iPlot: no visible binding for global variable ‘.iplots.fw’ .iplot.new: no visible binding for '<<-' assignment to ‘.iplots’ .iplot.new: no visible binding for global variable ‘.iplots’ .iplot.new: no visible binding for '<<-' assignment to ‘.iplot.current’ .iplot.new: no visible binding for '<<-' assignment to ‘.iplot.curid’ .iplot.opt: no visible binding for global variable ‘.iplots.fw’ .iplot.opt: no visible binding for global variable ‘.iplots’ .iset.save: no visible binding for '<<-' assignment to ‘.isets’ .iset.save: no visible binding for global variable ‘.isets’ .iset.save: no visible binding for global variable ‘.iplots’ .iset.save: no visible binding for global variable ‘.iplot.curid’ .iset.save: no visible binding for global variable ‘.iplot.current’ .ivar.check.length: no visible binding for global variable ‘.iplots.fw’ ievent.wait: no visible binding for global variable ‘.restricted.el’ ievent.wait: no visible binding for global variable ‘.iplots.fw’ iplot.backend: no visible binding for global variable ‘.iplots.fw’ iplot.cur: no visible binding for global variable ‘.iplot.curid’ iplot.data: no visible binding for global variable ‘.iplot.current’ iplot.data: no visible binding for global variable ‘.iplots.fw’ iplot.list: no visible binding for global variable ‘.iplots’ iplot.location: no visible binding for global variable ‘.iplots’ iplot.next: no visible binding for global variable ‘.iplots’ iplot.off: no visible binding for global variable ‘.iplots’ iplot.off: no visible binding for '<<-' assignment to ‘.iplots’ iplot.off: no visible binding for '<<-' assignment to ‘.iplot.current’ iplot.off: no visible binding for '<<-' assignment to ‘.iplot.curid’ iplot.opt: no visible binding for global variable ‘.iplots’ iplot.prev: no visible binding for global variable ‘.iplots’ iplot.resetZoom: no visible binding for global variable ‘.iplot.current’ iplot.rotate: no visible binding for global variable ‘.iplot.current’ iplot.set: no visible binding for global variable ‘.iplots’ iplot.set: no visible binding for '<<-' assignment to ‘.iplot.current’ iplot.set: no visible binding for '<<-' assignment to ‘.iplot.curid’ iplot.setExtendedQuery: no visible binding for global variable ‘.iplot.curid’ iplot.setExtendedQuery: no visible binding for global variable ‘.iplots.fw’ iplot.size: no visible binding for global variable ‘.iplots’ iplot.zoomIn: no visible binding for global variable ‘.iplot.current’ iplot.zoomOut: no visible binding for global variable ‘.iplot.current’ iset: no visible binding for global variable ‘.iplots.fw’ iset.brush: no visible binding for global variable ‘.iplots.fw’ iset.brush: no visible binding for global variable ‘.iplot.current’ iset.cur: no visible binding for global variable ‘.iplots.fw’ iset.list: no visible binding for global variable ‘.iplots.fw’ iset.new: no visible binding for global variable ‘.iplots.fw’ iset.new: no visible binding for '<<-' assignment to ‘.iplots’ iset.new: no visible binding for '<<-' assignment to ‘.iplot.current’ iset.new: no visible binding for '<<-' assignment to ‘.iplot.curid’ iset.next: no visible binding for global variable ‘.iplots.fw’ iset.prev: no visible binding for global variable ‘.iplots.fw’ iset.rm: no visible binding for global variable ‘.iplots.fw’ iset.rm: no visible binding for global variable ‘.isets’ iset.rm: no visible binding for '<<-' assignment to ‘.isets’ iset.rm: no visible binding for '<<-' assignment to ‘.iplots’ iset.rm: no visible binding for '<<-' assignment to ‘.iplot.curid’ iset.rm: no visible binding for '<<-' assignment to ‘.iplot.current’ iset.sel.changed: no visible binding for global variable ‘.iset.selection’ iset.sel.changed: no visible binding for '<<-' assignment to ‘.iset.selection’ iset.select: no visible binding for global variable ‘.iplots.fw’ iset.selectAll: no visible binding for global variable ‘.iplots.fw’ iset.selectNone: no visible binding for global variable ‘.iplots.fw’ iset.selected: no visible binding for global variable ‘.iplots.fw’ iset.set: no visible binding for global variable ‘.iplots.fw’ iset.set: no visible binding for '<<-' assignment to ‘.iplots’ iset.set: no visible binding for global variable ‘.isets’ iset.set: no visible binding for '<<-' assignment to ‘.iplot.curid’ iset.set: no visible binding for '<<-' assignment to ‘.iplot.current’ iset.updateVars: no visible binding for global variable ‘.iplots.fw’ isets: no visible binding for global variable ‘.iplots.fw’ ivar.data: no visible binding for global variable ‘.iplots.fw’ ivar.new: no visible binding for global variable ‘.iplots.fw’ ivar.new.map: no visible binding for global variable ‘.iplots.fw’ ivar.update: no visible binding for global variable ‘.iplots.fw’ Undefined global functions or variables: .iplot.curid .iplot.current .iplots .iplots.fw .iset.selection .isets .restricted.el Flavors: r-prerel-macos-arm64, r-release-macos-arm64, r-release-macos-x86_64, r-oldrel-macos-arm64