CRAN Package Check Results for Package irtGUI

Last updated on 2024-04-20 23:23:12 CEST.

Flavor Version Tinstall Tcheck Ttotal Status Flags
r-devel-linux-x86_64-debian-clang 0.2 12.11 96.61 108.72 NOTE
r-devel-linux-x86_64-debian-gcc 0.2 9.30 73.53 82.83 NOTE
r-devel-linux-x86_64-fedora-clang 0.2 133.45 NOTE
r-devel-linux-x86_64-fedora-gcc 0.2 130.03 NOTE
r-prerel-macos-arm64 0.2 39.00 NOTE
r-prerel-windows-x86_64 0.2 11.00 82.00 93.00 NOTE
r-patched-linux-x86_64 0.2 12.94 93.87 106.81 NOTE
r-release-linux-x86_64 0.2 11.31 96.53 107.84 NOTE
r-release-macos-arm64 0.2 43.00 NOTE
r-release-macos-x86_64 0.2 71.00 NOTE
r-release-windows-x86_64 0.2 14.00 100.00 114.00 NOTE
r-oldrel-macos-arm64 0.2 38.00 NOTE
r-oldrel-windows-x86_64 0.2 15.00 111.00 126.00 NOTE

Check Details

Version: 0.2
Check: LazyData
Result: NOTE 'LazyData' is specified without a 'data' directory Flavors: r-devel-linux-x86_64-debian-clang, r-devel-linux-x86_64-debian-gcc, r-devel-linux-x86_64-fedora-clang, r-devel-linux-x86_64-fedora-gcc, r-prerel-macos-arm64, r-prerel-windows-x86_64, r-patched-linux-x86_64, r-release-linux-x86_64, r-release-macos-arm64, r-release-macos-x86_64, r-release-windows-x86_64, r-oldrel-macos-arm64, r-oldrel-windows-x86_64