Last updated on 2023-12-09 06:02:08 CET.
Flavor | Version | Tinstall | Tcheck | Ttotal | Status | Flags |
---|---|---|---|---|---|---|
r-devel-linux-x86_64-debian-clang | 0.3.3 | 6.48 | 96.34 | 102.82 | NOTE | |
r-devel-linux-x86_64-debian-gcc | 0.3.3 | 7.24 | 71.24 | 78.48 | NOTE | |
r-devel-linux-x86_64-fedora-clang | 0.3.3 | 131.35 | NOTE | |||
r-devel-linux-x86_64-fedora-gcc | 0.3.3 | 143.23 | NOTE | |||
r-devel-windows-x86_64 | 0.3.3 | 9.00 | 133.00 | 142.00 | NOTE | |
r-patched-linux-x86_64 | 0.3.3 | 6.37 | 90.83 | 97.20 | NOTE | |
r-release-linux-x86_64 | 0.3.3 | 5.39 | 89.36 | 94.75 | NOTE | |
r-release-macos-arm64 | 0.3.3 | 47.00 | NOTE | |||
r-release-macos-x86_64 | 0.3.3 | 83.00 | NOTE | |||
r-release-windows-x86_64 | 0.3.3 | 12.00 | 143.00 | 155.00 | NOTE | |
r-oldrel-macos-arm64 | 0.3.3 | 42.00 | NOTE | |||
r-oldrel-macos-x86_64 | 0.3.3 | 88.00 | NOTE | |||
r-oldrel-windows-x86_64 | 0.3.3 | 12.00 | 142.00 | 154.00 | NOTE |
Version: 0.3.3
Check: LazyData
Result: NOTE
'LazyData' is specified without a 'data' directory
Flavors: r-devel-linux-x86_64-debian-clang, r-devel-linux-x86_64-debian-gcc, r-devel-linux-x86_64-fedora-clang, r-devel-linux-x86_64-fedora-gcc, r-devel-windows-x86_64, r-patched-linux-x86_64, r-release-linux-x86_64, r-release-macos-arm64, r-release-macos-x86_64, r-release-windows-x86_64, r-oldrel-macos-arm64, r-oldrel-macos-x86_64, r-oldrel-windows-x86_64