CRAN Package Check Results for Package kindisperse

Last updated on 2024-02-24 21:40:23 CET.

Flavor Version Tinstall Tcheck Ttotal Status Flags
r-devel-linux-x86_64-debian-clang 0.10.2 15.09 121.07 136.16 NOTE
r-devel-linux-x86_64-debian-gcc 0.10.2 11.93 100.12 112.05 NOTE
r-devel-linux-x86_64-fedora-clang 0.10.2 182.58 NOTE
r-devel-linux-x86_64-fedora-gcc 0.10.2 186.83 NOTE
r-devel-windows-x86_64 0.10.2 15.00 132.00 147.00 OK
r-patched-linux-x86_64 0.10.2 11.88 127.96 139.84 OK
r-release-linux-x86_64 0.10.2 9.92 126.23 136.15 OK
r-release-macos-arm64 0.10.2 54.00 OK
r-release-macos-x86_64 0.10.2 78.00 OK
r-release-windows-x86_64 0.10.2 19.00 157.00 176.00 OK
r-oldrel-macos-arm64 0.10.2 52.00 NOTE
r-oldrel-windows-x86_64 0.10.2 21.00 155.00 176.00 OK

Check Details

Version: 0.10.2
Check: Rd files
Result: NOTE checkRd: (-1) mount_appdata.Rd:10: Lost braces; missing escapes or markup? 10 | \item{x}{An object of class \code{KinPairData} or {KinPairSimulation}} | ^ Flavors: r-devel-linux-x86_64-debian-clang, r-devel-linux-x86_64-debian-gcc

Version: 0.10.2
Check: dependencies in R code
Result: NOTE Namespaces in Imports field not imported from: ‘fitdistrplus’ ‘plotly’ All declared Imports should be used. Flavors: r-devel-linux-x86_64-fedora-clang, r-devel-linux-x86_64-fedora-gcc, r-oldrel-macos-arm64