Last updated on 2023-12-10 04:56:01 CET.
Flavor | Version | Tinstall | Tcheck | Ttotal | Status | Flags |
---|---|---|---|---|---|---|
r-devel-linux-x86_64-debian-clang | 1.9.6 | 12.01 | 111.75 | 123.76 | NOTE | |
r-devel-linux-x86_64-debian-gcc | 1.9.6 | 10.07 | 87.27 | 97.34 | NOTE | |
r-devel-linux-x86_64-fedora-clang | 1.9.6 | 156.26 | OK | |||
r-devel-linux-x86_64-fedora-gcc | 1.9.6 | 174.93 | OK | |||
r-devel-windows-x86_64 | 1.9.6 | 10.00 | 113.00 | 123.00 | OK | |
r-patched-linux-x86_64 | 1.9.6 | 13.17 | 110.96 | 124.13 | OK | |
r-release-linux-x86_64 | 1.9.6 | 11.84 | 113.28 | 125.12 | OK | |
r-release-macos-arm64 | 1.9.6 | 66.00 | OK | |||
r-release-macos-x86_64 | 1.9.6 | 102.00 | OK | |||
r-release-windows-x86_64 | 1.9.6 | 14.00 | 129.00 | 143.00 | OK | |
r-oldrel-macos-arm64 | 1.9.6 | 54.00 | OK | |||
r-oldrel-macos-x86_64 | 1.9.6 | 73.00 | OK | |||
r-oldrel-windows-x86_64 | 1.9.6 | 14.00 | 137.00 | 151.00 | OK |
Version: 1.9.6
Check: Rd files
Result: NOTE
checkRd: (-1) plot.pedigree.Rd:119: Lost braces; missing escapes or markup?
119 | {sum(x- mean(p))^2/(k^a)}
| ^
Flavors: r-devel-linux-x86_64-debian-clang, r-devel-linux-x86_64-debian-gcc