CRAN Package Check Results for Package lazyWeave

Last updated on 2024-02-24 21:40:24 CET.

Flavor Version Tinstall Tcheck Ttotal Status Flags
r-devel-linux-x86_64-debian-clang 3.0.2 4.94 46.99 51.93 NOTE
r-devel-linux-x86_64-debian-gcc 3.0.2 3.76 35.65 39.41 NOTE
r-devel-linux-x86_64-fedora-clang 3.0.2 65.28 OK
r-devel-linux-x86_64-fedora-gcc 3.0.2 62.86 OK
r-devel-windows-x86_64 3.0.2 6.00 62.00 68.00 OK
r-patched-linux-x86_64 3.0.2 13.16 46.72 59.88 OK
r-release-linux-x86_64 3.0.2 4.51 46.41 50.92 OK
r-release-macos-arm64 3.0.2 27.00 OK
r-release-macos-x86_64 3.0.2 35.00 OK
r-release-windows-x86_64 3.0.2 8.00 68.00 76.00 OK
r-oldrel-macos-arm64 3.0.2 23.00 OK
r-oldrel-windows-x86_64 3.0.2 8.00 66.00 74.00 OK

Check Details

Version: 3.0.2
Check: Rd files
Result: NOTE checkRd: (-1) univ.Rd:35: Lost braces in \enumerate; meant \describe ? checkRd: (-1) univ.Rd:36: Lost braces in \enumerate; meant \describe ? checkRd: (-1) univ.Rd:37: Lost braces in \enumerate; meant \describe ? checkRd: (-1) univ.Rd:38: Lost braces in \enumerate; meant \describe ? checkRd: (-1) univ.Rd:39: Lost braces in \enumerate; meant \describe ? checkRd: (-1) univ.Rd:40: Lost braces in \enumerate; meant \describe ? checkRd: (-1) univ.Rd:41: Lost braces in \enumerate; meant \describe ? checkRd: (-1) univ.Rd:42: Lost braces in \enumerate; meant \describe ? checkRd: (-1) univ.Rd:43: Lost braces in \enumerate; meant \describe ? checkRd: (-1) univ.Rd:44: Lost braces in \enumerate; meant \describe ? checkRd: (-1) univ.Rd:45: Lost braces in \enumerate; meant \describe ? checkRd: (-1) univ.Rd:46: Lost braces in \enumerate; meant \describe ? Flavors: r-devel-linux-x86_64-debian-clang, r-devel-linux-x86_64-debian-gcc