Last updated on 2023-12-11 00:49:10 CET.
Flavor | Version | Tinstall | Tcheck | Ttotal | Status | Flags |
---|---|---|---|---|---|---|
r-devel-linux-x86_64-debian-clang | 0.5.1 | 11.86 | 99.84 | 111.70 | NOTE | |
r-devel-linux-x86_64-debian-gcc | 0.5.1 | 8.05 | 74.25 | 82.30 | NOTE | |
r-devel-linux-x86_64-fedora-clang | 0.5.1 | 136.87 | NOTE | |||
r-devel-linux-x86_64-fedora-gcc | 0.5.1 | 131.23 | NOTE | |||
r-devel-windows-x86_64 | 0.5.1 | 11.00 | 92.00 | 103.00 | NOTE | |
r-patched-linux-x86_64 | 0.5.1 | 7.58 | 95.51 | 103.09 | NOTE | |
r-release-linux-x86_64 | 0.5.1 | 7.96 | 95.23 | 103.19 | NOTE | |
r-release-macos-arm64 | 0.5.1 | 40.00 | NOTE | |||
r-release-macos-x86_64 | 0.5.1 | 63.00 | NOTE | |||
r-release-windows-x86_64 | 0.5.1 | 15.00 | 107.00 | 122.00 | NOTE | |
r-oldrel-macos-arm64 | 0.5.1 | 37.00 | NOTE | |||
r-oldrel-macos-x86_64 | 0.5.1 | 73.00 | NOTE | |||
r-oldrel-windows-x86_64 | 0.5.1 | 15.00 | 105.00 | 120.00 | NOTE |
Version: 0.5.1
Check: LazyData
Result: NOTE
'LazyData' is specified without a 'data' directory
Flavors: r-devel-linux-x86_64-debian-clang, r-devel-linux-x86_64-debian-gcc, r-devel-linux-x86_64-fedora-clang, r-devel-linux-x86_64-fedora-gcc, r-devel-windows-x86_64, r-patched-linux-x86_64, r-release-linux-x86_64, r-release-macos-arm64, r-release-macos-x86_64, r-release-windows-x86_64, r-oldrel-macos-arm64, r-oldrel-macos-x86_64, r-oldrel-windows-x86_64