CRAN Package Check Results for Package ldsr

Last updated on 2024-04-17 23:55:36 CEST.

Flavor Version Tinstall Tcheck Ttotal Status Flags
r-devel-linux-x86_64-debian-clang 0.0.2 48.76 76.98 125.74 NOTE
r-devel-linux-x86_64-debian-gcc 0.0.2 38.40 59.16 97.56 NOTE
r-devel-linux-x86_64-fedora-clang 0.0.2 175.17 NOTE
r-devel-linux-x86_64-fedora-gcc 0.0.2 182.77 NOTE
r-prerel-macos-arm64 0.0.2 48.00 NOTE
r-prerel-windows-x86_64 0.0.2 39.00 100.00 139.00 NOTE
r-patched-linux-x86_64 0.0.2 52.45 73.11 125.56 NOTE
r-release-linux-x86_64 0.0.2 48.10 71.32 119.42 NOTE
r-release-macos-arm64 0.0.2 54.00 NOTE
r-release-macos-x86_64 0.0.2 85.00 NOTE
r-release-windows-x86_64 0.0.2 50.00 113.00 163.00 NOTE
r-oldrel-macos-arm64 0.0.2 44.00 OK
r-oldrel-windows-x86_64 0.0.2 48.00 112.00 160.00 OK

Check Details

Version: 0.0.2
Check: C++ specification
Result: NOTE Specified C++11: please drop specification unless essential Flavors: r-devel-linux-x86_64-debian-clang, r-devel-linux-x86_64-debian-gcc, r-devel-linux-x86_64-fedora-clang, r-devel-linux-x86_64-fedora-gcc, r-prerel-macos-arm64, r-prerel-windows-x86_64, r-patched-linux-x86_64, r-release-linux-x86_64, r-release-macos-arm64, r-release-macos-x86_64, r-release-windows-x86_64

Version: 0.0.2
Check: package subdirectories
Result: NOTE Problems with news in ‘NEWS.md’: No news entries found. Flavors: r-devel-linux-x86_64-debian-clang, r-devel-linux-x86_64-debian-gcc, r-devel-linux-x86_64-fedora-clang, r-devel-linux-x86_64-fedora-gcc, r-prerel-macos-arm64, r-prerel-windows-x86_64, r-patched-linux-x86_64, r-release-linux-x86_64, r-release-macos-arm64, r-release-macos-x86_64, r-release-windows-x86_64