CRAN Package Check Results for Package lessSEM

Last updated on 2024-02-26 23:03:43 CET.

Flavor Version Tinstall Tcheck Ttotal Status Flags
r-devel-linux-x86_64-debian-clang 1.5.5 683.98 343.23 1027.21 NOTE
r-devel-linux-x86_64-debian-gcc 1.5.5 542.50 260.59 803.09 NOTE
r-devel-linux-x86_64-fedora-clang 1.5.5 1379.44 NOTE
r-devel-linux-x86_64-fedora-gcc 1.5.5 1521.35 NOTE
r-devel-windows-x86_64 1.5.5 491.00 338.00 829.00 NOTE
r-patched-linux-x86_64 1.5.5 526.92 334.30 861.22 NOTE
r-release-linux-x86_64 1.5.5 506.22 337.92 844.14 NOTE
r-release-macos-arm64 1.5.5 305.00 NOTE
r-release-macos-x86_64 1.5.5 414.00 NOTE
r-release-windows-x86_64 1.5.5 634.00 414.00 1048.00 NOTE
r-oldrel-macos-arm64 1.5.5 306.00 NOTE
r-oldrel-windows-x86_64 1.5.5 620.00 364.00 984.00 NOTE

Additional issues

Intel

Check Details

Version: 1.5.5
Check: for GNU extensions in Makefiles
Result: NOTE GNU make is a SystemRequirements. Flavors: r-devel-linux-x86_64-debian-clang, r-devel-linux-x86_64-debian-gcc, r-devel-linux-x86_64-fedora-clang, r-devel-linux-x86_64-fedora-gcc, r-devel-windows-x86_64, r-patched-linux-x86_64, r-release-linux-x86_64, r-release-macos-arm64, r-release-macos-x86_64, r-release-windows-x86_64, r-oldrel-macos-arm64, r-oldrel-windows-x86_64

Version: 1.5.5
Check: installed package size
Result: NOTE installed size is 6.8Mb sub-directories of 1Mb or more: help 1.1Mb libs 3.9Mb Flavors: r-devel-linux-x86_64-fedora-clang, r-devel-windows-x86_64, r-release-macos-arm64, r-release-macos-x86_64, r-release-windows-x86_64, r-oldrel-macos-arm64, r-oldrel-windows-x86_64