Last updated on 2023-12-11 00:49:10 CET.
Flavor | Version | Tinstall | Tcheck | Ttotal | Status | Flags |
---|---|---|---|---|---|---|
r-devel-linux-x86_64-debian-clang | 2.2.0 | 66.74 | 145.81 | 212.55 | NOTE | |
r-devel-linux-x86_64-debian-gcc | 2.2.0 | 57.96 | 108.48 | 166.44 | NOTE | |
r-devel-linux-x86_64-fedora-clang | 2.2.0 | 334.72 | NOTE | |||
r-devel-linux-x86_64-fedora-gcc | 2.2.0 | 327.79 | NOTE | |||
r-devel-windows-x86_64 | 2.2.0 | 64.00 | 159.00 | 223.00 | NOTE | |
r-patched-linux-x86_64 | 2.2.0 | 46.47 | 141.79 | 188.26 | NOTE | |
r-release-linux-x86_64 | 2.2.0 | 49.23 | 142.25 | 191.48 | NOTE | |
r-release-macos-arm64 | 2.2.0 | 88.00 | NOTE | |||
r-release-macos-x86_64 | 2.2.0 | 135.00 | NOTE | |||
r-release-windows-x86_64 | 2.2.0 | 79.00 | 192.00 | 271.00 | NOTE | |
r-oldrel-macos-arm64 | 2.2.0 | 78.00 | OK | |||
r-oldrel-macos-x86_64 | 2.2.0 | 100.00 | OK | |||
r-oldrel-windows-x86_64 | 2.2.0 | 78.00 | 169.00 | 247.00 | NOTE |
Version: 2.2.0
Check: C++ specification
Result: NOTE
Specified C++11: please drop specification unless essential
Flavors: r-devel-linux-x86_64-debian-clang, r-devel-linux-x86_64-debian-gcc, r-devel-linux-x86_64-fedora-clang, r-devel-linux-x86_64-fedora-gcc, r-devel-windows-x86_64, r-patched-linux-x86_64, r-release-linux-x86_64, r-release-macos-arm64, r-release-macos-x86_64, r-release-windows-x86_64
Version: 2.2.0
Check: package dependencies
Result: NOTE
Package suggested but not available for checking: 'doMC'
Flavors: r-devel-windows-x86_64, r-release-windows-x86_64, r-oldrel-windows-x86_64