Last updated on 2023-12-11 00:49:10 CET.
Flavor | Version | Tinstall | Tcheck | Ttotal | Status | Flags |
---|---|---|---|---|---|---|
r-devel-linux-x86_64-debian-clang | 0.9.12 | 7.79 | 128.82 | 136.61 | NOTE | |
r-devel-linux-x86_64-debian-gcc | 0.9.12 | 8.34 | 97.71 | 106.05 | NOTE | |
r-devel-linux-x86_64-fedora-clang | 0.9.12 | 177.47 | OK | |||
r-devel-linux-x86_64-fedora-gcc | 0.9.12 | 169.84 | OK | |||
r-devel-windows-x86_64 | 0.9.12 | 11.00 | 136.00 | 147.00 | OK | |
r-patched-linux-x86_64 | 0.9.12 | 14.04 | 127.32 | 141.36 | OK | |
r-release-linux-x86_64 | 0.9.12 | 6.12 | 126.65 | 132.77 | OK | |
r-release-macos-arm64 | 0.9.12 | 56.00 | OK | |||
r-release-macos-x86_64 | 0.9.12 | 87.00 | OK | |||
r-release-windows-x86_64 | 0.9.12 | 12.00 | 157.00 | 169.00 | OK | |
r-oldrel-macos-arm64 | 0.9.12 | 51.00 | OK | |||
r-oldrel-macos-x86_64 | 0.9.12 | 62.00 | OK | |||
r-oldrel-windows-x86_64 | 0.9.12 | 15.00 | 157.00 | 172.00 | OK |
Version: 0.9.12
Check: Rd files
Result: NOTE
checkRd: (-1) flowunit.Rd:30: Lost braces; missing escapes or markup?
30 | Usually flow units are of dimension $L^3 T^{-1}$. Currently a length $l$ can be on of \code{c("metre", "cm", "centimetre" "litre")}, whereas time $T$ can be one in \code{c("days", "hours", "mins", "secs")}, possibly abbreviated. The numerator of the fraction (everything before the literal \code{"/"}) is interpreted as the length (superscripts like \code{"^3"} are discarded), the denominator as time. E.g. valid units would be \code{"cm^3/s"}, \code{"m^3/day"} or \code{"litre/sec"}.
| ^
checkRd: (-1) seasindex.Rd:30: Lost braces
30 | Laaha, G. and Bl{\"o}schl, G. (2006), Seasonality indices for regionalizing
| ^
checkRd: (-1) seasindex.Rd:34: Lost braces
34 | Mitteilungen, Inst. f{\"u}r Wasserbau u. Ingenieurhydrologie,
| ^
checkRd: (-1) seasratio.Rd:31: Lost braces
31 | Laaha, G. and Bl{\"o}schl, G. (2006), Seasonality indices for regionalizing low flows. Hydrol. Process., 20
| ^
Flavors: r-devel-linux-x86_64-debian-clang, r-devel-linux-x86_64-debian-gcc