CRAN Package Check Results for Package lg

Last updated on 2023-12-02 02:49:13 CET.

Flavor Version Tinstall Tcheck Ttotal Status Flags
r-devel-linux-x86_64-debian-clang 0.4.1 5.60 49.87 55.47 NOTE
r-devel-linux-x86_64-debian-gcc 0.4.1 4.35 37.31 41.66 NOTE
r-devel-linux-x86_64-fedora-clang 0.4.1 68.76 NOTE
r-devel-linux-x86_64-fedora-gcc 0.4.1 66.18 NOTE
r-devel-windows-x86_64 0.4.1 6.00 62.00 68.00 NOTE
r-patched-linux-x86_64 0.4.1 3.82 47.35 51.17 NOTE
r-release-linux-x86_64 0.4.1 3.17 47.79 50.96 NOTE
r-release-macos-arm64 0.4.1 25.00 NOTE
r-release-macos-x86_64 0.4.1 36.00 NOTE
r-release-windows-x86_64 0.4.1 7.00 69.00 76.00 NOTE
r-oldrel-macos-arm64 0.4.1 20.00 NOTE
r-oldrel-macos-x86_64 0.4.1 39.00 NOTE
r-oldrel-windows-x86_64 0.4.1 8.00 65.00 73.00 NOTE

Check Details

Version: 0.4.1
Check: LazyData
Result: NOTE 'LazyData' is specified without a 'data' directory Flavors: r-devel-linux-x86_64-debian-clang, r-devel-linux-x86_64-debian-gcc, r-devel-linux-x86_64-fedora-clang, r-devel-linux-x86_64-fedora-gcc, r-devel-windows-x86_64, r-patched-linux-x86_64, r-release-linux-x86_64, r-release-macos-arm64, r-release-macos-x86_64, r-release-windows-x86_64, r-oldrel-macos-arm64, r-oldrel-macos-x86_64, r-oldrel-windows-x86_64