CRAN Package Check Results for Package likelihoodAsy

Last updated on 2024-07-22 22:56:27 CEST.

Flavor Version Tinstall Tcheck Ttotal Status Flags
r-devel-linux-x86_64-debian-clang 0.51 10.11 175.40 185.51 OK
r-devel-linux-x86_64-debian-gcc 0.51 6.55 120.39 126.94 OK
r-devel-linux-x86_64-fedora-clang 0.51 223.73 OK
r-devel-linux-x86_64-fedora-gcc 0.51 226.05 OK
r-devel-windows-x86_64 0.51 9.00 145.00 154.00 OK
r-patched-linux-x86_64 0.51 8.81 164.67 173.48 OK
r-release-linux-x86_64 0.51 8.32 166.15 174.47 OK
r-release-macos-arm64 0.51 61.00 OK
r-release-macos-x86_64 0.51 118.00 WARN
r-release-windows-x86_64 0.51 8.00 146.00 154.00 OK
r-oldrel-macos-arm64 0.51 67.00 OK
r-oldrel-macos-x86_64 0.51 99.00 OK
r-oldrel-windows-x86_64 0.51 11.00 168.00 179.00 OK

Check Details

Version: 0.51
Check: re-building of vignette outputs
Result: WARN Error(s) in re-building vignettes: ... --- re-building ‘likelihoodAsy.Rnw’ using knitr Error: processing vignette 'likelihoodAsy.Rnw' failed with diagnostics: Running 'texi2dvi' on 'likelihoodAsy.tex' failed. LaTeX errors: ! Undefined control sequence. l.106 \hlkwd{library}\hldef {(likelihoodAsy)} ? ! Emergency stop. ! Emergency stop. l.106 End of file on the terminal! ! ==> Fatal error occurred, no output PDF file produced! --- failed re-building ‘likelihoodAsy.Rnw’ SUMMARY: processing the following file failed: ‘likelihoodAsy.Rnw’ Error: Vignette re-building failed. Execution halted Flavor: r-release-macos-x86_64