CRAN Package Check Results for Package litteR

Last updated on 2024-04-17 23:55:36 CEST.

Flavor Version Tinstall Tcheck Ttotal Status Flags
r-devel-linux-x86_64-debian-clang 1.0.0 8.13 84.03 92.16 NOTE
r-devel-linux-x86_64-debian-gcc 1.0.0 8.00 62.86 70.86 NOTE
r-devel-linux-x86_64-fedora-clang 1.0.0 121.87 NOTE
r-devel-linux-x86_64-fedora-gcc 1.0.0 125.31 NOTE
r-prerel-macos-arm64 1.0.0 53.00 NOTE
r-prerel-windows-x86_64 1.0.0 9.00 82.00 91.00 NOTE
r-patched-linux-x86_64 1.0.0 15.84 81.29 97.13 NOTE
r-release-linux-x86_64 1.0.0 5.82 75.79 81.61 OK
r-release-macos-arm64 1.0.0 42.00 OK
r-release-macos-x86_64 1.0.0 59.00 OK
r-release-windows-x86_64 1.0.0 12.00 96.00 108.00 OK
r-oldrel-macos-arm64 1.0.0 44.00 OK
r-oldrel-windows-x86_64 1.0.0 13.00 98.00 111.00 OK

Check Details

Version: 1.0.0
Check: Rd files
Result: NOTE checkRd: (-1) is_natural_number.Rd:17: Lost braces; missing escapes or markup? 17 | Test for natural numbers according to ISO 80000-2, that is the set {0, 1, 2, ...} | ^ Flavors: r-devel-linux-x86_64-debian-clang, r-devel-linux-x86_64-debian-gcc, r-devel-linux-x86_64-fedora-clang, r-devel-linux-x86_64-fedora-gcc, r-prerel-macos-arm64, r-prerel-windows-x86_64, r-patched-linux-x86_64