CRAN Package Check Results for Package loo

Last updated on 2024-02-25 23:02:11 CET.

Flavor Version Tinstall Tcheck Ttotal Status Flags
r-devel-linux-x86_64-debian-clang 2.6.0 9.10 160.22 169.32 NOTE
r-devel-linux-x86_64-debian-gcc 2.6.0 6.28 117.73 124.01 NOTE
r-devel-linux-x86_64-fedora-clang 2.6.0 213.67 NOTE
r-devel-linux-x86_64-fedora-gcc 2.7.0 229.70 OK
r-devel-windows-x86_64 2.6.0 9.00 161.00 170.00 NOTE
r-patched-linux-x86_64 2.6.0 9.87 155.53 165.40 OK
r-release-linux-x86_64 2.6.0 8.59 155.08 163.67 OK
r-release-macos-arm64 2.7.0 69.00 OK
r-release-macos-x86_64 2.7.0 147.00 OK
r-release-windows-x86_64 2.7.0 16.00 185.00 201.00 OK
r-oldrel-macos-arm64 2.7.0 69.00 OK
r-oldrel-windows-x86_64 2.6.0 11.00 180.00 191.00 OK

Check Details

Version: 2.6.0
Check: Rd \usage sections
Result: NOTE Documented arguments not in \usage in Rd file 'importance_sampling.array.Rd': ‘is_method’ Documented arguments not in \usage in Rd file 'importance_sampling.default.Rd': ‘is_method’ Documented arguments not in \usage in Rd file 'importance_sampling.matrix.Rd': ‘is_method’ Functions with \usage entries need to have the appropriate \alias entries, and all their arguments documented. The \usage entries must correspond to syntactically valid R code. See chapter ‘Writing R documentation files’ in the ‘Writing R Extensions’ manual. Flavors: r-devel-linux-x86_64-debian-clang, r-devel-linux-x86_64-debian-gcc, r-devel-linux-x86_64-fedora-clang, r-devel-windows-x86_64