CRAN Package Check Results for Package lutz

Last updated on 2024-04-14 22:54:22 CEST.

Flavor Version Tinstall Tcheck Ttotal Status Flags
r-devel-linux-x86_64-debian-clang 0.3.2 28.29 92.39 120.68 OK
r-devel-linux-x86_64-debian-gcc 0.3.2 21.41 70.99 92.40 OK
r-devel-linux-x86_64-fedora-clang 0.3.2 160.28 OK
r-devel-linux-x86_64-fedora-gcc 0.3.2 153.77 OK
r-devel-windows-x86_64 0.3.2 26.00 117.00 143.00 NOTE
r-patched-linux-x86_64 0.3.2 25.38 91.51 116.89 OK
r-release-linux-x86_64 0.3.2 23.52 89.64 113.16 OK
r-release-macos-arm64 0.3.2 56.00 NOTE
r-release-macos-x86_64 0.3.2 139.00 NOTE
r-release-windows-x86_64 0.3.2 31.00 125.00 156.00 NOTE
r-oldrel-macos-arm64 0.3.2 56.00 NOTE
r-oldrel-windows-x86_64 0.3.2 31.00 133.00 164.00 NOTE

Check Details

Version: 0.3.2
Check: installed package size
Result: NOTE installed size is 5.2Mb sub-directories of 1Mb or more: R 4.0Mb libs 1.0Mb Flavors: r-devel-windows-x86_64, r-release-macos-arm64, r-release-macos-x86_64, r-release-windows-x86_64, r-oldrel-macos-arm64, r-oldrel-windows-x86_64