Last updated on 2025-01-18 21:48:26 CET.
Flavor | Version | Tinstall | Tcheck | Ttotal | Status | Flags |
---|---|---|---|---|---|---|
r-devel-linux-x86_64-debian-clang | 1.0 | 5.56 | 77.33 | 82.89 | NOTE | |
r-devel-linux-x86_64-debian-gcc | 1.0 | 4.18 | 56.08 | 60.26 | NOTE | |
r-devel-linux-x86_64-fedora-clang | 1.0 | 132.20 | NOTE | |||
r-devel-linux-x86_64-fedora-gcc | 1.0 | 137.42 | NOTE | |||
r-devel-windows-x86_64 | 1.0 | 7.00 | 97.00 | 104.00 | NOTE | |
r-patched-linux-x86_64 | 1.0 | 8.98 | 72.21 | 81.19 | NOTE | |
r-release-linux-x86_64 | 1.0 | 5.43 | 73.88 | 79.31 | NOTE | |
r-release-macos-arm64 | 1.0 | 46.00 | NOTE | |||
r-release-macos-x86_64 | 1.0 | 97.00 | NOTE | |||
r-release-windows-x86_64 | 1.0 | 7.00 | 102.00 | 109.00 | NOTE | |
r-oldrel-macos-arm64 | 1.0 | 51.00 | OK | |||
r-oldrel-macos-x86_64 | 1.0 | 74.00 | OK | |||
r-oldrel-windows-x86_64 | 1.0 | 9.00 | 109.00 | 118.00 | OK |
Version: 1.0
Check: Rd files
Result: NOTE
checkRd: (-1) xytb-class.Rd:26: Lost braces; missing escapes or markup?
26 | v: \tab speed (m.s^{-1})\cr
| ^
Flavors: r-devel-linux-x86_64-debian-clang, r-devel-linux-x86_64-debian-gcc, r-devel-linux-x86_64-fedora-clang, r-devel-linux-x86_64-fedora-gcc, r-devel-windows-x86_64, r-patched-linux-x86_64, r-release-linux-x86_64, r-release-macos-arm64, r-release-macos-x86_64, r-release-windows-x86_64
Version: 1.0
Check: Rd cross-references
Result: NOTE
Found the following Rd file(s) with Rd \link{} targets missing package
anchors:
xytb-class.Rd: distVincentyEllipsoid
Please provide package anchors for all Rd \link{} targets not in the
package itself and the base packages.
Flavors: r-devel-linux-x86_64-debian-clang, r-devel-linux-x86_64-debian-gcc, r-devel-windows-x86_64
Version: 1.0
Check: dependencies in R code
Result: NOTE
Namespaces in Imports field not imported from:
‘e1071’ ‘utils’
All declared Imports should be used.
Flavors: r-devel-linux-x86_64-fedora-clang, r-devel-linux-x86_64-fedora-gcc