CRAN Package Check Results for Package m2b

Last updated on 2024-02-24 21:40:24 CET.

Flavor Version Tinstall Tcheck Ttotal Status Flags
r-devel-linux-x86_64-debian-clang 1.0 6.18 92.56 98.74 NOTE
r-devel-linux-x86_64-debian-gcc 1.0 5.01 71.28 76.29 NOTE
r-devel-linux-x86_64-fedora-clang 1.0 122.18 NOTE
r-devel-linux-x86_64-fedora-gcc 1.0 129.19 NOTE
r-devel-windows-x86_64 1.0 7.00 103.00 110.00 OK
r-patched-linux-x86_64 1.0 9.43 89.32 98.75 OK
r-release-linux-x86_64 1.0 4.45 84.55 89.00 OK
r-release-macos-arm64 1.0 51.00 OK
r-release-macos-x86_64 1.0 74.00 OK
r-release-windows-x86_64 1.0 9.00 111.00 120.00 OK
r-oldrel-macos-arm64 1.0 54.00 NOTE
r-oldrel-windows-x86_64 1.0 10.00 115.00 125.00 OK

Check Details

Version: 1.0
Check: Rd files
Result: NOTE checkRd: (-1) xytb-class.Rd:26: Lost braces; missing escapes or markup? 26 | v: \tab speed (m.s^{-1})\cr | ^ Flavors: r-devel-linux-x86_64-debian-clang, r-devel-linux-x86_64-debian-gcc

Version: 1.0
Check: dependencies in R code
Result: NOTE Namespaces in Imports field not imported from: ‘e1071’ ‘utils’ All declared Imports should be used. Flavors: r-devel-linux-x86_64-fedora-clang, r-devel-linux-x86_64-fedora-gcc, r-oldrel-macos-arm64