CRAN Package Check Results for Package m2r

Last updated on 2025-01-18 21:48:26 CET.

Flavor Version Tinstall Tcheck Ttotal Status Flags
r-devel-linux-x86_64-debian-clang 1.0.2 19.37 64.96 84.33 NOTE
r-devel-linux-x86_64-debian-gcc 1.0.2 13.33 46.01 59.34 NOTE
r-devel-linux-x86_64-fedora-clang 1.0.2 143.62 OK
r-devel-linux-x86_64-fedora-gcc 1.0.2 145.23 OK
r-devel-windows-x86_64 1.0.2 24.00 104.00 128.00 NOTE
r-patched-linux-x86_64 1.0.2 25.09 58.80 83.89 NOTE
r-release-linux-x86_64 1.0.2 19.31 60.86 80.17 NOTE
r-release-macos-arm64 1.0.2 48.00 NOTE
r-release-macos-x86_64 1.0.2 66.00 NOTE
r-release-windows-x86_64 1.0.2 24.00 102.00 126.00 NOTE
r-oldrel-macos-arm64 1.0.2 50.00 NOTE
r-oldrel-macos-x86_64 1.0.2 79.00 NOTE
r-oldrel-windows-x86_64 1.0.2 29.00 114.00 143.00 NOTE

Check Details

Version: 1.0.2
Check: Rd cross-references
Result: NOTE Found the following Rd file(s) with Rd \link{} targets missing package anchors: factor_poly.Rd: mp gb.Rd: mp, mpolyList ideal.Rd: mp Please provide package anchors for all Rd \link{} targets not in the package itself and the base packages. Flavors: r-devel-linux-x86_64-debian-clang, r-devel-linux-x86_64-debian-gcc, r-devel-windows-x86_64

Version: 1.0.2
Check: LazyData
Result: NOTE 'LazyData' is specified without a 'data' directory Flavors: r-patched-linux-x86_64, r-release-linux-x86_64, r-release-macos-arm64, r-release-macos-x86_64, r-release-windows-x86_64, r-oldrel-macos-arm64, r-oldrel-macos-x86_64, r-oldrel-windows-x86_64