CRAN Package Check Results for Package magrittr

Last updated on 2024-06-12 23:58:23 CEST.

Flavor Version Tinstall Tcheck Ttotal Status Flags
r-devel-linux-x86_64-debian-clang 2.0.3 3.41 35.83 39.24 NOTE
r-devel-linux-x86_64-debian-gcc 2.0.3 1.95 26.26 28.21 ERROR
r-devel-linux-x86_64-fedora-clang 2.0.3 51.31 NOTE
r-devel-linux-x86_64-fedora-gcc 2.0.3 60.64 NOTE
r-devel-windows-x86_64 2.0.3 7.00 54.00 61.00 NOTE
r-patched-linux-x86_64 2.0.3 3.19 34.47 37.66 OK
r-release-linux-x86_64 2.0.3 2.84 34.65 37.49 OK
r-release-macos-arm64 2.0.3 42.00 OK
r-release-macos-x86_64 2.0.3 68.00 OK
r-release-windows-x86_64 2.0.3 8.00 53.00 61.00 OK
r-oldrel-macos-arm64 2.0.3 45.00 OK
r-oldrel-macos-x86_64 2.0.3 43.00 OK
r-oldrel-windows-x86_64 2.0.3 7.00 56.00 63.00 OK

Check Details

Version: 2.0.3
Check: compiled code
Result: NOTE File ‘magrittr/libs/magrittr.so’: Found non-API calls to R: ‘SET_ENCLOS’, ‘SET_PRCODE’, ‘SET_PRENV’, ‘SET_PRVALUE’ Compiled code should not call non-API entry points in R. See ‘Writing portable packages’ in the ‘Writing R Extensions’ manual. Flavors: r-devel-linux-x86_64-debian-clang, r-devel-linux-x86_64-debian-gcc, r-devel-linux-x86_64-fedora-clang, r-devel-linux-x86_64-fedora-gcc

Version: 2.0.3
Check: package dependencies
Result: NOTE Package suggested but not available for checking: ‘testthat’ Flavor: r-devel-linux-x86_64-debian-gcc

Version: 2.0.3
Check: tests
Result: ERROR Running ‘testthat.R’ [0s/1s] Running the tests in ‘tests/testthat.R’ failed. Complete output: > library(testthat) Error in library(testthat) : there is no package called 'testthat' Execution halted Flavor: r-devel-linux-x86_64-debian-gcc

Version: 2.0.3
Check: compiled code
Result: NOTE File 'magrittr/libs/x64/magrittr.dll': Found non-API calls to R: 'SET_ENCLOS', 'SET_PRCODE', 'SET_PRENV', 'SET_PRVALUE' Compiled code should not call non-API entry points in R. See 'Writing portable packages' in the 'Writing R Extensions' manual. Flavor: r-devel-windows-x86_64