Last updated on 2023-11-28 09:52:00 CET.
Flavor | Version | Tinstall | Tcheck | Ttotal | Status | Flags |
---|---|---|---|---|---|---|
r-devel-linux-x86_64-debian-clang | 0.11.1 | 6.42 | 71.49 | 77.91 | NOTE | |
r-devel-linux-x86_64-debian-gcc | 0.11.1 | 5.36 | 53.34 | 58.70 | NOTE | |
r-devel-linux-x86_64-fedora-clang | 0.11.1 | 97.59 | NOTE | |||
r-devel-linux-x86_64-fedora-gcc | 0.11.1 | 116.20 | NOTE | |||
r-devel-windows-x86_64 | 0.11.1 | 9.00 | 85.00 | 94.00 | OK | |
r-patched-linux-x86_64 | 0.11.1 | 9.22 | 67.09 | 76.31 | OK | |
r-release-linux-x86_64 | 0.11.1 | 8.63 | 66.71 | 75.34 | OK | |
r-release-macos-arm64 | 0.11.1 | 45.00 | OK | |||
r-release-macos-x86_64 | 0.11.1 | 71.00 | OK | |||
r-release-windows-x86_64 | 0.11.1 | 12.00 | 96.00 | 108.00 | OK | |
r-oldrel-macos-arm64 | 0.11.1 | 37.00 | NOTE | |||
r-oldrel-macos-x86_64 | 0.11.1 | 58.00 | NOTE | |||
r-oldrel-windows-x86_64 | 0.11.1 | 12.00 | 98.00 | 110.00 | OK |
Version: 0.11.1
Check: Rd files
Result: NOTE
checkRd: (-1) manipulateWidget.Rd:113-117: Lost braces in \itemize; meant \describe ?
checkRd: (-1) manipulateWidget.Rd:118-120: Lost braces in \itemize; meant \describe ?
checkRd: (-1) manipulateWidget.Rd:121-123: Lost braces in \itemize; meant \describe ?
checkRd: (-1) manipulateWidget.Rd:124-127: Lost braces in \itemize; meant \describe ?
Flavors: r-devel-linux-x86_64-debian-clang, r-devel-linux-x86_64-debian-gcc
Version: 0.11.1
Check: data for non-ASCII characters
Result: NOTE
Note: found 55 marked UTF-8 strings
Flavors: r-devel-linux-x86_64-fedora-clang, r-devel-linux-x86_64-fedora-gcc, r-oldrel-macos-arm64, r-oldrel-macos-x86_64