CRAN Package Check Results for Package mapdata

Last updated on 2024-02-24 21:40:25 CET.

Flavor Version Tinstall Tcheck Ttotal Status Flags
r-devel-linux-x86_64-debian-clang 2.3.1 13.71 24.63 38.34 OK
r-devel-linux-x86_64-debian-gcc 2.3.1 12.67 19.11 31.78 OK
r-devel-linux-x86_64-fedora-clang 2.3.1 51.46 NOTE
r-devel-linux-x86_64-fedora-gcc 2.3.1 51.31 OK
r-devel-windows-x86_64 2.3.1 21.00 41.00 62.00 NOTE
r-patched-linux-x86_64 2.3.1 15.82 24.33 40.15 OK
r-release-linux-x86_64 2.3.1 16.13 24.19 40.32 OK
r-release-macos-arm64 2.3.1 28.00 NOTE
r-release-macos-x86_64 2.3.1 46.00 NOTE
r-release-windows-x86_64 2.3.1 22.00 42.00 64.00 NOTE
r-oldrel-macos-arm64 2.3.1 30.00 NOTE
r-oldrel-windows-x86_64 2.3.1 58.00 45.00 103.00 NOTE

Check Details

Version: 2.3.1
Check: installed package size
Result: NOTE installed size is 33.6Mb sub-directories of 1Mb or more: mapdata 33.4Mb Flavors: r-devel-linux-x86_64-fedora-clang, r-devel-windows-x86_64, r-release-macos-arm64, r-release-macos-x86_64, r-release-windows-x86_64, r-oldrel-macos-arm64, r-oldrel-windows-x86_64