CRAN Package Check Results for Package mapsapi

Last updated on 2024-02-21 23:11:34 CET.

Flavor Version Tinstall Tcheck Ttotal Status Flags
r-devel-linux-x86_64-debian-clang 0.5.4 OK
r-devel-linux-x86_64-debian-gcc 0.5.4 3.14 45.80 48.94 OK
r-devel-linux-x86_64-fedora-clang 0.5.4 78.43 NOTE
r-devel-linux-x86_64-fedora-gcc 0.5.4 91.96 NOTE
r-devel-windows-x86_64 0.5.4 6.00 77.00 83.00 OK
r-patched-linux-x86_64 0.5.4 3.79 58.22 62.01 OK
r-release-linux-x86_64 0.5.4 3.55 58.36 61.91 OK
r-release-macos-arm64 0.5.4 33.00 OK
r-release-macos-x86_64 0.5.4 59.00 OK
r-release-windows-x86_64 0.5.4 6.00 83.00 89.00 OK
r-oldrel-macos-arm64 0.5.4 32.00 OK
r-oldrel-windows-x86_64 0.5.4 7.00 87.00 94.00 OK

Check Details

Version: 0.5.4
Check: data for non-ASCII characters
Result: NOTE Note: found 55 marked UTF-8 strings Flavors: r-devel-linux-x86_64-fedora-clang, r-devel-linux-x86_64-fedora-gcc